{"id":23,"date":"2022-09-29T08:38:22","date_gmt":"2022-09-29T08:38:22","guid":{"rendered":"https:\/\/ateca.cl\/?page_id=23"},"modified":"2022-10-26T11:19:52","modified_gmt":"2022-10-26T11:19:52","slug":"el-proyecto","status":"publish","type":"page","link":"https:\/\/ateca.cl\/","title":{"rendered":"El proyecto"},"content":{"rendered":"\t\t<div data-elementor-type=\"wp-page\" data-elementor-id=\"23\" class=\"elementor elementor-23\">\n\t\t\t\t\t\t\t\t\t<section class=\"elementor-section elementor-top-section elementor-element elementor-element-a06afe4 elementor-section-boxed elementor-section-height-default elementor-section-height-default\" data-id=\"a06afe4\" data-element_type=\"section\">\n\t\t\t\t\t\t<div class=\"elementor-container elementor-column-gap-default\">\n\t\t\t\t\t<div class=\"elementor-column elementor-col-100 elementor-top-column elementor-element elementor-element-2e797a0\" data-id=\"2e797a0\" data-element_type=\"column\">\n\t\t\t<div class=\"elementor-widget-wrap elementor-element-populated\">\n\t\t\t\t\t\t\t\t<div class=\"elementor-element elementor-element-3bc9f6e elementor--h-position-center elementor--v-position-middle elementor-arrows-position-inside elementor-pagination-position-inside elementor-widget elementor-widget-slides\" data-id=\"3bc9f6e\" data-element_type=\"widget\" data-settings=\"{&quot;autoplay_speed&quot;:50000,&quot;transition&quot;:&quot;fade&quot;,&quot;navigation&quot;:&quot;both&quot;,&quot;autoplay&quot;:&quot;yes&quot;,&quot;pause_on_hover&quot;:&quot;yes&quot;,&quot;pause_on_interaction&quot;:&quot;yes&quot;,&quot;infinite&quot;:&quot;yes&quot;,&quot;transition_speed&quot;:500}\" data-widget_type=\"slides.default\">\n\t\t\t\t<div class=\"elementor-widget-container\">\n\t\t\t<style>\/*! elementor-pro - v3.10.2 - 17-01-2023 *\/\n.elementor-slides .swiper-slide-bg{background-size:cover;background-position:50%;background-repeat:no-repeat;min-width:100%;min-height:100%}.elementor-slides .swiper-slide-inner{background-repeat:no-repeat;background-position:50%;position:absolute;top:0;left:0;bottom:0;right:0;padding:50px;margin:auto}.elementor-slides .swiper-slide-inner,.elementor-slides .swiper-slide-inner:hover{color:#fff;display:flex}.elementor-slides .swiper-slide-inner .elementor-background-overlay{position:absolute;z-index:0;top:0;bottom:0;left:0;right:0}.elementor-slides .swiper-slide-inner .elementor-slide-content{position:relative;z-index:1;width:100%}.elementor-slides .swiper-slide-inner .elementor-slide-heading{font-size:35px;font-weight:700;line-height:1}.elementor-slides .swiper-slide-inner .elementor-slide-description{font-size:17px;line-height:1.4}.elementor-slides .swiper-slide-inner .elementor-slide-description:not(:last-child),.elementor-slides .swiper-slide-inner .elementor-slide-heading:not(:last-child){margin-bottom:30px}.elementor-slides .swiper-slide-inner .elementor-slide-button{border:2px solid #fff;color:#fff;background:transparent;display:inline-block}.elementor-slides .swiper-slide-inner .elementor-slide-button,.elementor-slides .swiper-slide-inner .elementor-slide-button:hover{background:transparent;color:inherit;text-decoration:none}.elementor--v-position-top .swiper-slide-inner{align-items:flex-start}.elementor--v-position-bottom .swiper-slide-inner{align-items:flex-end}.elementor--v-position-middle .swiper-slide-inner{align-items:center}.elementor--h-position-left .swiper-slide-inner{justify-content:flex-start}.elementor--h-position-right .swiper-slide-inner{justify-content:flex-end}.elementor--h-position-center .swiper-slide-inner{justify-content:center}body.rtl .elementor-widget-slides .elementor-swiper-button-next{left:10px;right:auto}body.rtl .elementor-widget-slides .elementor-swiper-button-prev{right:10px;left:auto}.elementor-slides-wrapper div:not(.swiper-slide)>.swiper-slide-inner{display:none}@media (max-width:767px){.elementor-slides .swiper-slide-inner{padding:30px}.elementor-slides .swiper-slide-inner .elementor-slide-heading{font-size:23px;line-height:1;margin-bottom:15px}.elementor-slides .swiper-slide-inner .elementor-slide-description{font-size:13px;line-height:1.4;margin-bottom:15px}}<\/style>\t\t<div class=\"elementor-swiper\">\n\t\t\t<div class=\"elementor-slides-wrapper elementor-main-swiper swiper-container\" dir=\"ltr\" data-animation=\"fadeInUp\">\n\t\t\t\t<div class=\"swiper-wrapper elementor-slides\">\n\t\t\t\t\t\t\t\t\t\t<div class=\"elementor-repeater-item-46cefb4 swiper-slide\"><div class=\"swiper-slide-bg elementor-ken-burns elementor-ken-burns--out\"><\/div><a class=\"swiper-slide-inner\" href=\"https:\/\/ateca.cl\/index.php\/companias\/\"><div class=\"swiper-slide-contents\"><div class=\"elementor-slide-heading\">Compa\u00f1\u00edas<\/div><\/div><\/a><\/div><div class=\"elementor-repeater-item-90695d1 swiper-slide\"><div class=\"swiper-slide-bg elementor-ken-burns elementor-ken-burns--out\"><\/div><a class=\"swiper-slide-inner\" href=\"https:\/\/ateca.cl\/index.php\/teatristas\/\"><div class=\"swiper-slide-contents\"><div class=\"elementor-slide-heading\">Teatristas<\/div><\/div><\/a><\/div><div class=\"elementor-repeater-item-7f6fc30 swiper-slide\"><div class=\"swiper-slide-bg elementor-ken-burns elementor-ken-burns--out\"><\/div><a class=\"swiper-slide-inner\" href=\"https:\/\/ateca.cl\/index.php\/obras\/\"><div class=\"swiper-slide-contents\"><div class=\"elementor-slide-heading\">Obras<\/div><\/div><\/a><\/div>\t\t\t\t<\/div>\n\t\t\t\t\t\t\t\t\t\t\t\t\t\t\t<div class=\"swiper-pagination\"><\/div>\n\t\t\t\t\t\t\t\t\t\t\t\t\t\t\t\t<div class=\"elementor-swiper-button elementor-swiper-button-prev\">\n\t\t\t\t\t\t\t<i aria-hidden=\"true\" class=\"eicon-chevron-left\"><\/i>\t\t\t\t\t\t\t<span class=\"elementor-screen-only\">Anterior<\/span>\n\t\t\t\t\t\t<\/div>\n\t\t\t\t\t\t<div class=\"elementor-swiper-button elementor-swiper-button-next\">\n\t\t\t\t\t\t\t<i aria-hidden=\"true\" class=\"eicon-chevron-right\"><\/i>\t\t\t\t\t\t\t<span class=\"elementor-screen-only\">Siguiente<\/span>\n\t\t\t\t\t\t<\/div>\n\t\t\t\t\t\t\t\t\t\t\t\t<\/div>\n\t\t<\/div>\n\t\t\t\t<\/div>\n\t\t\t\t<\/div>\n\t\t\t\t\t<\/div>\n\t\t<\/div>\n\t\t\t\t\t\t\t<\/div>\n\t\t<\/section>\n\t\t\t\t<section class=\"elementor-section elementor-top-section elementor-element elementor-element-c328879 elementor-section-boxed elementor-section-height-default elementor-section-height-default\" data-id=\"c328879\" data-element_type=\"section\">\n\t\t\t\t\t\t<div class=\"elementor-container elementor-column-gap-default\">\n\t\t\t\t\t<div class=\"elementor-column elementor-col-100 elementor-top-column elementor-element elementor-element-6c82a1a\" data-id=\"6c82a1a\" data-element_type=\"column\">\n\t\t\t<div class=\"elementor-widget-wrap elementor-element-populated\">\n\t\t\t\t\t\t\t\t<section class=\"elementor-section elementor-inner-section elementor-element elementor-element-ba42af6 elementor-section-boxed elementor-section-height-default elementor-section-height-default\" data-id=\"ba42af6\" data-element_type=\"section\">\n\t\t\t\t\t\t<div class=\"elementor-container elementor-column-gap-default\">\n\t\t\t\t\t<div class=\"elementor-column elementor-col-50 elementor-inner-column elementor-element elementor-element-b17eb9a\" data-id=\"b17eb9a\" data-element_type=\"column\">\n\t\t\t<div class=\"elementor-widget-wrap elementor-element-populated\">\n\t\t\t\t\t\t\t\t<div class=\"elementor-element elementor-element-1678af9 elementor-widget elementor-widget-heading\" data-id=\"1678af9\" data-element_type=\"widget\" data-widget_type=\"heading.default\">\n\t\t\t\t<div class=\"elementor-widget-container\">\n\t\t\t<style>\/*! elementor - v3.10.1 - 17-01-2023 *\/\n.elementor-heading-title{padding:0;margin:0;line-height:1}.elementor-widget-heading .elementor-heading-title[class*=elementor-size-]>a{color:inherit;font-size:inherit;line-height:inherit}.elementor-widget-heading .elementor-heading-title.elementor-size-small{font-size:15px}.elementor-widget-heading .elementor-heading-title.elementor-size-medium{font-size:19px}.elementor-widget-heading .elementor-heading-title.elementor-size-large{font-size:29px}.elementor-widget-heading .elementor-heading-title.elementor-size-xl{font-size:39px}.elementor-widget-heading .elementor-heading-title.elementor-size-xxl{font-size:59px}<\/style><h2 class=\"elementor-heading-title elementor-size-default\">Ateca<\/h2>\t\t<\/div>\n\t\t\t\t<\/div>\n\t\t\t\t<div class=\"elementor-element elementor-element-80c18ee elementor-widget elementor-widget-text-editor\" data-id=\"80c18ee\" data-element_type=\"widget\" data-widget_type=\"text-editor.default\">\n\t\t\t\t<div class=\"elementor-widget-container\">\n\t\t\t<style>\/*! elementor - v3.10.1 - 17-01-2023 *\/\n.elementor-widget-text-editor.elementor-drop-cap-view-stacked .elementor-drop-cap{background-color:#818a91;color:#fff}.elementor-widget-text-editor.elementor-drop-cap-view-framed .elementor-drop-cap{color:#818a91;border:3px solid;background-color:transparent}.elementor-widget-text-editor:not(.elementor-drop-cap-view-default) .elementor-drop-cap{margin-top:8px}.elementor-widget-text-editor:not(.elementor-drop-cap-view-default) .elementor-drop-cap-letter{width:1em;height:1em}.elementor-widget-text-editor .elementor-drop-cap{float:left;text-align:center;line-height:1;font-size:50px}.elementor-widget-text-editor .elementor-drop-cap-letter{display:inline-block}<\/style>\t\t\t\t<p><b>Archivo de Teatro de Calle <br \/>(1980 &#8211; 1990)<\/b><\/p><p>ATECA tiene como objetivo albergar documentos digitalizados sobre el teatro de calle realizado en Chile durante los a\u00f1os 1980 y 1990. De esta forma, se re\u00fanen y ordenan registros gr\u00e1ficos, fotogr\u00e1ficos y audiovisuales, para su apreciaci\u00f3n y uso en educaci\u00f3n, investigaci\u00f3n o para el deleite general.\u00a0<\/p><p>Adem\u00e1s, los documentos seleccionados conviven con los testimonios de diversxs teatristas que trabajaron en el teatro de calle durante este per\u00edodo, los que permiten poner en relaci\u00f3n la informaci\u00f3n disponible.\u00a0<\/p><p>Comprendemos que las historias del teatro de nuestro pa\u00eds se han construido principalmente alrededor de los espacios de circulaci\u00f3n circunscritos a salas, por lo tanto, pensamos que nuestra p\u00e1gina web permitir\u00e1 la elaboraci\u00f3n de renovadas narrativas respecto a las escenas construidas durante estos a\u00f1os. En este sentido, tal como plantea Bernardo Subercaseaux (1994), creemos inexacta la afirmaci\u00f3n de \u201capag\u00f3n cultural\u201d para referirnos al estado de las pr\u00e1cticas art\u00edsticas durante la dictadura, dado que si bien hubo mecanismos de control que inhibieron la creaci\u00f3n y vida cultural, lejos de socavar la imaginaci\u00f3n de lxs teatristas, estos estimularon el desarrollo de una creatividad contestataria y un horizonte de expectativas e ideales democr\u00e1ticos. En consecuencia, consideramos que los estudios teatrales realizados respecto a esta \u00e9poca resultan a\u00fan insuficientes para comprender la complejidad de est\u00e9ticas y discursos atr\u00e1s de estas pr\u00e1cticas teatrales, e intentamos a trav\u00e9s del proyecto impulsar investigaciones que permitan profundizar en estos temas.<\/p><p>Finalmente, ATECA es un proyecto que espera continuar nutri\u00e9ndose de otros insumos documentales, por lo tanto, si tienes material que permita que el archivo siga creciendo, o quieres compartir informaci\u00f3n para completar o modificar las descripciones de los documentos que se hospedan, escribenos a <a href=\"mailto:archivo.ateca@gmail.com\">archivo.ateca@gmail.com<\/a>\u00a0<\/p><p>\u00a0<\/p><p><b>BIBLIOGRAF\u00cdA<\/b><\/p><p>Subercaseaux, B. (1994) \u201cPol\u00edticas culturales: balance de la transici\u00f3n\u201d, en <i>Proposiciones<\/i>, n\u00fam. 25, Santiago: Ed. Sur, p.58. Recuperado de: <a href=\"http:\/\/www.sitiosur.cl\/r.php?id=705\">http:\/\/www.sitiosur.cl\/r.php?id=705<\/a>.<\/p>\t\t\t\t\t\t<\/div>\n\t\t\t\t<\/div>\n\t\t\t\t\t<\/div>\n\t\t<\/div>\n\t\t\t\t<div class=\"elementor-column elementor-col-50 elementor-inner-column elementor-element elementor-element-df0dd27\" data-id=\"df0dd27\" data-element_type=\"column\">\n\t\t\t<div class=\"elementor-widget-wrap\">\n\t\t\t\t\t\t\t\t\t<\/div>\n\t\t<\/div>\n\t\t\t\t\t\t\t<\/div>\n\t\t<\/section>\n\t\t\t\t<div class=\"elementor-element elementor-element-64b192f elementor-widget elementor-widget-spacer\" data-id=\"64b192f\" data-element_type=\"widget\" data-widget_type=\"spacer.default\">\n\t\t\t\t<div class=\"elementor-widget-container\">\n\t\t\t<style>\/*! elementor - v3.10.1 - 17-01-2023 *\/\n.elementor-column .elementor-spacer-inner{height:var(--spacer-size)}.e-con{--container-widget-width:100%}.e-con-inner>.elementor-widget-spacer,.e-con>.elementor-widget-spacer{width:var(--container-widget-width,var(--spacer-size));--align-self:var(--container-widget-align-self,initial);--flex-shrink:0}.e-con-inner>.elementor-widget-spacer>.elementor-widget-container,.e-con-inner>.elementor-widget-spacer>.elementor-widget-container>.elementor-spacer,.e-con>.elementor-widget-spacer>.elementor-widget-container,.e-con>.elementor-widget-spacer>.elementor-widget-container>.elementor-spacer{height:100%}.e-con-inner>.elementor-widget-spacer>.elementor-widget-container>.elementor-spacer>.elementor-spacer-inner,.e-con>.elementor-widget-spacer>.elementor-widget-container>.elementor-spacer>.elementor-spacer-inner{height:var(--container-widget-height,var(--spacer-size))}<\/style>\t\t<div class=\"elementor-spacer\">\n\t\t\t<div class=\"elementor-spacer-inner\"><\/div>\n\t\t<\/div>\n\t\t\t\t<\/div>\n\t\t\t\t<\/div>\n\t\t\t\t<section class=\"elementor-section elementor-inner-section elementor-element elementor-element-0079e8b elementor-section-boxed elementor-section-height-default elementor-section-height-default\" data-id=\"0079e8b\" data-element_type=\"section\">\n\t\t\t\t\t\t<div class=\"elementor-container elementor-column-gap-default\">\n\t\t\t\t\t<div class=\"elementor-column elementor-col-50 elementor-inner-column elementor-element elementor-element-ca75454\" data-id=\"ca75454\" data-element_type=\"column\">\n\t\t\t<div class=\"elementor-widget-wrap elementor-element-populated\">\n\t\t\t\t\t\t\t\t<div class=\"elementor-element elementor-element-25a4d3c elementor-widget elementor-widget-heading\" data-id=\"25a4d3c\" data-element_type=\"widget\" data-widget_type=\"heading.default\">\n\t\t\t\t<div class=\"elementor-widget-container\">\n\t\t\t<h2 class=\"elementor-heading-title elementor-size-default\">Agradecimientos<\/h2>\t\t<\/div>\n\t\t\t\t<\/div>\n\t\t\t\t<div class=\"elementor-element elementor-element-38f8134 elementor-widget elementor-widget-text-editor\" data-id=\"38f8134\" data-element_type=\"widget\" data-widget_type=\"text-editor.default\">\n\t\t\t\t<div class=\"elementor-widget-container\">\n\t\t\t\t\t\t\t<p>A Magaly Muguercia<br \/>(1947\u00a0 &#8211; 2022)<\/p><p>Hugo Osorio &#8211; Ana Mar\u00eda Montan\u00e9 &#8211; Andr\u00e9s Guti\u00e9rrez &#8211; Mauricio Celed\u00f3n &#8211; Claire Joinet &#8211; Galo Quintanilla &#8211; El\u00edas Adasme &#8211; \u00c1lvaro Hoppe &#8211; Esm\u00e9rita Huili\u00f1ir &#8211; Rosa Fern\u00e1ndez (Oxi) &#8211; Renzo Brice\u00f1o &#8211; Ricardo (Chepo) Sep\u00falveda &#8211; Cecilia Godoy &#8211; Paola Aste &#8211; Alexis Figueroa &#8211; Roberto Pablo &#8211; Ver\u00f3nica Zorzano &#8211; Patricia Henr\u00edquez &#8211; Sol Ossa &#8211; Valeska Gonz\u00e1lez &#8211; Cuti Aste.<\/p><p>Marcia Mart\u00ednez Carvajal &#8211; Mar\u00eda Jos\u00e9 Cifuentes &#8211; Pablo Villablanca.<\/p><p><b>A quienes trabajaron en el proyecto<\/b><\/p><p>Joaqu\u00edn Contreras\u00a0 &#8211; Sol M\u00e1rquez &#8211; Sil Troncoso &#8211; Paulina (Pola) Rubio &#8211; Nelson Valenzuela &#8211; Gabriela Moya &#8211; Francisca D\u00edaz &#8211;\u00a0Rebeca Pe\u00f1a &#8211; Paulina Barrenechea<\/p><p><b>A los espacios que nos apoyaron<\/b><\/p><p>BiblioGAM, Facultad de Artes y Humanidades Universidad de Concepci\u00f3n, Escuela de Teatro de la Universidad de Valpara\u00edso Y Fondo de las Artes Esc\u00e9nicas, convocatoria 202.<\/p><p>\u00a0<\/p>\t\t\t\t\t\t<\/div>\n\t\t\t\t<\/div>\n\t\t\t\t\t<\/div>\n\t\t<\/div>\n\t\t\t\t<div class=\"elementor-column elementor-col-50 elementor-inner-column elementor-element elementor-element-e633698\" data-id=\"e633698\" data-element_type=\"column\">\n\t\t\t<div class=\"elementor-widget-wrap\">\n\t\t\t\t\t\t\t\t\t<\/div>\n\t\t<\/div>\n\t\t\t\t\t\t\t<\/div>\n\t\t<\/section>\n\t\t\t\t\t<\/div>\n\t\t<\/div>\n\t\t\t\t\t\t\t<\/div>\n\t\t<\/section>\n\t\t\t\t\t\t\t<\/div>\n\t\t","protected":false},"excerpt":{"rendered":"<p>Compa\u00f1\u00edasTeatristasObras Anterior Siguiente Ateca Archivo de Teatro de Calle (1980 &#8211; 1990) ATECA tiene como objetivo albergar documentos digitalizados sobre el teatro de calle realizado en Chile durante los a\u00f1os 1980 y 1990. De esta forma, se re\u00fanen y ordenan registros gr\u00e1ficos, fotogr\u00e1ficos y audiovisuales, para su apreciaci\u00f3n y uso en educaci\u00f3n, investigaci\u00f3n o para [&hellip;]<\/p>\n","protected":false},"author":1,"featured_media":0,"parent":0,"menu_order":0,"comment_status":"closed","ping_status":"closed","template":"elementor_header_footer","meta":{"_acf_changed":false,"footnotes":""},"categories":[],"tags":[],"ciudad":[],"obra":[],"ano":[],"credito":[],"procedencia":[],"codigo":[],"escenario":[],"class_list":["post-23","page","type-page","status-publish","hentry"],"acf":[],"_links":{"self":[{"href":"https:\/\/ateca.cl\/index.php\/wp-json\/wp\/v2\/pages\/23","targetHints":{"allow":["GET"]}}],"collection":[{"href":"https:\/\/ateca.cl\/index.php\/wp-json\/wp\/v2\/pages"}],"about":[{"href":"https:\/\/ateca.cl\/index.php\/wp-json\/wp\/v2\/types\/page"}],"author":[{"embeddable":true,"href":"https:\/\/ateca.cl\/index.php\/wp-json\/wp\/v2\/users\/1"}],"replies":[{"embeddable":true,"href":"https:\/\/ateca.cl\/index.php\/wp-json\/wp\/v2\/comments?post=23"}],"version-history":[{"count":78,"href":"https:\/\/ateca.cl\/index.php\/wp-json\/wp\/v2\/pages\/23\/revisions"}],"predecessor-version":[{"id":5135,"href":"https:\/\/ateca.cl\/index.php\/wp-json\/wp\/v2\/pages\/23\/revisions\/5135"}],"wp:attachment":[{"href":"https:\/\/ateca.cl\/index.php\/wp-json\/wp\/v2\/media?parent=23"}],"wp:term":[{"taxonomy":"category","embeddable":true,"href":"https:\/\/ateca.cl\/index.php\/wp-json\/wp\/v2\/categories?post=23"},{"taxonomy":"post_tag","embeddable":true,"href":"https:\/\/ateca.cl\/index.php\/wp-json\/wp\/v2\/tags?post=23"},{"taxonomy":"ciudad","embeddable":true,"href":"https:\/\/ateca.cl\/index.php\/wp-json\/wp\/v2\/ciudad?post=23"},{"taxonomy":"obra","embeddable":true,"href":"https:\/\/ateca.cl\/index.php\/wp-json\/wp\/v2\/obra?post=23"},{"taxonomy":"ano","embeddable":true,"href":"https:\/\/ateca.cl\/index.php\/wp-json\/wp\/v2\/ano?post=23"},{"taxonomy":"credito","embeddable":true,"href":"https:\/\/ateca.cl\/index.php\/wp-json\/wp\/v2\/credito?post=23"},{"taxonomy":"procedencia","embeddable":true,"href":"https:\/\/ateca.cl\/index.php\/wp-json\/wp\/v2\/procedencia?post=23"},{"taxonomy":"codigo","embeddable":true,"href":"https:\/\/ateca.cl\/index.php\/wp-json\/wp\/v2\/codigo?post=23"},{"taxonomy":"escenario","embeddable":true,"href":"https:\/\/ateca.cl\/index.php\/wp-json\/wp\/v2\/escenario?post=23"}],"curies":[{"name":"wp","href":"https:\/\/api.w.org\/{rel}","templated":true}]}}