{"id":25,"date":"2022-09-29T08:38:51","date_gmt":"2022-09-29T08:38:51","guid":{"rendered":"https:\/\/ateca.cl\/?page_id=25"},"modified":"2022-10-26T11:39:45","modified_gmt":"2022-10-26T11:39:45","slug":"quienes-somos","status":"publish","type":"page","link":"https:\/\/ateca.cl\/index.php\/quienes-somos\/","title":{"rendered":"quienes somos"},"content":{"rendered":"\t\t<div data-elementor-type=\"wp-page\" data-elementor-id=\"25\" class=\"elementor elementor-25\">\n\t\t\t\t\t\t\t\t\t<section class=\"elementor-section elementor-top-section elementor-element elementor-element-475a6b9 elementor-section-boxed elementor-section-height-default elementor-section-height-default\" data-id=\"475a6b9\" data-element_type=\"section\">\n\t\t\t\t\t\t<div class=\"elementor-container elementor-column-gap-default\">\n\t\t\t\t\t<div class=\"elementor-column elementor-col-100 elementor-top-column elementor-element elementor-element-3de523e\" data-id=\"3de523e\" data-element_type=\"column\">\n\t\t\t<div class=\"elementor-widget-wrap elementor-element-populated\">\n\t\t\t\t\t\t\t\t<div class=\"elementor-element elementor-element-57bdb2d elementor-widget elementor-widget-heading\" data-id=\"57bdb2d\" data-element_type=\"widget\" data-widget_type=\"heading.default\">\n\t\t\t\t<div class=\"elementor-widget-container\">\n\t\t\t<style>\/*! elementor - v3.10.1 - 17-01-2023 *\/\n.elementor-heading-title{padding:0;margin:0;line-height:1}.elementor-widget-heading .elementor-heading-title[class*=elementor-size-]>a{color:inherit;font-size:inherit;line-height:inherit}.elementor-widget-heading .elementor-heading-title.elementor-size-small{font-size:15px}.elementor-widget-heading .elementor-heading-title.elementor-size-medium{font-size:19px}.elementor-widget-heading .elementor-heading-title.elementor-size-large{font-size:29px}.elementor-widget-heading .elementor-heading-title.elementor-size-xl{font-size:39px}.elementor-widget-heading .elementor-heading-title.elementor-size-xxl{font-size:59px}<\/style><h2 class=\"elementor-heading-title elementor-size-default\">Equipo<\/h2>\t\t<\/div>\n\t\t\t\t<\/div>\n\t\t\t\t<div class=\"elementor-element elementor-element-2f1b609 elementor-widget elementor-widget-spacer\" data-id=\"2f1b609\" data-element_type=\"widget\" data-widget_type=\"spacer.default\">\n\t\t\t\t<div class=\"elementor-widget-container\">\n\t\t\t<style>\/*! elementor - v3.10.1 - 17-01-2023 *\/\n.elementor-column .elementor-spacer-inner{height:var(--spacer-size)}.e-con{--container-widget-width:100%}.e-con-inner>.elementor-widget-spacer,.e-con>.elementor-widget-spacer{width:var(--container-widget-width,var(--spacer-size));--align-self:var(--container-widget-align-self,initial);--flex-shrink:0}.e-con-inner>.elementor-widget-spacer>.elementor-widget-container,.e-con-inner>.elementor-widget-spacer>.elementor-widget-container>.elementor-spacer,.e-con>.elementor-widget-spacer>.elementor-widget-container,.e-con>.elementor-widget-spacer>.elementor-widget-container>.elementor-spacer{height:100%}.e-con-inner>.elementor-widget-spacer>.elementor-widget-container>.elementor-spacer>.elementor-spacer-inner,.e-con>.elementor-widget-spacer>.elementor-widget-container>.elementor-spacer>.elementor-spacer-inner{height:var(--container-widget-height,var(--spacer-size))}<\/style>\t\t<div class=\"elementor-spacer\">\n\t\t\t<div class=\"elementor-spacer-inner\"><\/div>\n\t\t<\/div>\n\t\t\t\t<\/div>\n\t\t\t\t<\/div>\n\t\t\t\t<section class=\"elementor-section elementor-inner-section elementor-element elementor-element-9e3fad5 elementor-section-boxed elementor-section-height-default elementor-section-height-default\" data-id=\"9e3fad5\" data-element_type=\"section\">\n\t\t\t\t\t\t<div class=\"elementor-container elementor-column-gap-default\">\n\t\t\t\t\t<div class=\"elementor-column elementor-col-50 elementor-inner-column elementor-element elementor-element-86fd2c3\" data-id=\"86fd2c3\" data-element_type=\"column\">\n\t\t\t<div class=\"elementor-widget-wrap elementor-element-populated\">\n\t\t\t\t\t\t\t\t<div class=\"elementor-element elementor-element-e151e7f elementor-widget elementor-widget-text-editor\" data-id=\"e151e7f\" data-element_type=\"widget\" data-widget_type=\"text-editor.default\">\n\t\t\t\t<div class=\"elementor-widget-container\">\n\t\t\t<style>\/*! elementor - v3.10.1 - 17-01-2023 *\/\n.elementor-widget-text-editor.elementor-drop-cap-view-stacked .elementor-drop-cap{background-color:#818a91;color:#fff}.elementor-widget-text-editor.elementor-drop-cap-view-framed .elementor-drop-cap{color:#818a91;border:3px solid;background-color:transparent}.elementor-widget-text-editor:not(.elementor-drop-cap-view-default) .elementor-drop-cap{margin-top:8px}.elementor-widget-text-editor:not(.elementor-drop-cap-view-default) .elementor-drop-cap-letter{width:1em;height:1em}.elementor-widget-text-editor .elementor-drop-cap{float:left;text-align:center;line-height:1;font-size:50px}.elementor-widget-text-editor .elementor-drop-cap-letter{display:inline-block}<\/style>\t\t\t\t<p><b>Nora Fuentealba Rivas:<\/b><\/p><p>(Investigadora responsable)<\/p><p>Investigadora en arte y cultura. Mag\u00edster en Arte menci\u00f3n Teor\u00eda e Historia del Arte en la Universidad de Chile. Ha publicado como coordinadora el libro: <i>Teatro y fulgor. Aproximaciones a la obra de Isidora Aguirre<\/i> y como coautora: <i>Teatro y memoria en Concepci\u00f3n. Pr\u00e1cticas Teatrales en dictadura. <\/i>Ha trabajado tambi\u00e9n en proyectos sobre nuevos medios e investigaciones para documentales audiovisuales. Hoy se desarrolla como docente, creadora e investigadora en diversas instancias, en las que destaca los estudios titulados: Protag\u00f3nicas (Fondo de las Artes Esc\u00e9nicas 2021), Estrategias documentales y memorias (Fondart Nacional 2019), su obra Aproximaciones al olvido (Fondart Regional 2019) y la residencia Marcia Miranda (Fondo de las Artes Esc\u00e9nicas 2021)<\/p><p>Sus temas de investigaci\u00f3n se encuentran vinculados a la relaci\u00f3n teatro, memoria e historia de la dictadura c\u00edvico militar chilena.<\/p><p>\u00a0<\/p>\t\t\t\t\t\t<\/div>\n\t\t\t\t<\/div>\n\t\t\t\t\t<\/div>\n\t\t<\/div>\n\t\t\t\t<div class=\"elementor-column elementor-col-50 elementor-inner-column elementor-element elementor-element-0f76c33\" data-id=\"0f76c33\" data-element_type=\"column\">\n\t\t\t<div class=\"elementor-widget-wrap elementor-element-populated\">\n\t\t\t\t\t\t\t\t<div class=\"elementor-element elementor-element-9229e9f elementor-widget elementor-widget-text-editor\" data-id=\"9229e9f\" data-element_type=\"widget\" data-widget_type=\"text-editor.default\">\n\t\t\t\t<div class=\"elementor-widget-container\">\n\t\t\t\t\t\t\t<p><b>Vania Montgomery Yulis:<\/b><\/p><p>(Archivista)<\/p><p>Licenciada en Artes con menci\u00f3n en Teor\u00eda e Historia del Arte de la Universidad de Chile y diplomada en Archiv\u00edstica por la misma casa de estudios. Su trabajo se centra en la investigaci\u00f3n, escritura y reflexi\u00f3n del arte contempor\u00e1neo a partir de los archivos y documentos de obras, performances y exposiciones art\u00edsticas. Ha trabajado como editora para la revista <i>Punto de Fuga, <\/i>encargada de archivos y documentos Pedro Montes de la galer\u00eda D21 y en el archivo titulado: <i>Corpus de obra de V\u00edctor Hugo Codocedo.\u00a0<\/i><\/p>\t\t\t\t\t\t<\/div>\n\t\t\t\t<\/div>\n\t\t\t\t\t<\/div>\n\t\t<\/div>\n\t\t\t\t\t\t\t<\/div>\n\t\t<\/section>\n\t\t\t\t<section class=\"elementor-section elementor-inner-section elementor-element elementor-element-6d96073 elementor-section-boxed elementor-section-height-default elementor-section-height-default\" data-id=\"6d96073\" data-element_type=\"section\">\n\t\t\t\t\t\t<div class=\"elementor-container elementor-column-gap-default\">\n\t\t\t\t\t<div class=\"elementor-column elementor-col-50 elementor-inner-column elementor-element elementor-element-3d41e1a\" data-id=\"3d41e1a\" data-element_type=\"column\">\n\t\t\t<div class=\"elementor-widget-wrap elementor-element-populated\">\n\t\t\t\t\t\t\t\t<div class=\"elementor-element elementor-element-53e94f2 elementor-widget elementor-widget-text-editor\" data-id=\"53e94f2\" data-element_type=\"widget\" data-widget_type=\"text-editor.default\">\n\t\t\t\t<div class=\"elementor-widget-container\">\n\t\t\t\t\t\t\t<p><b>Horacio Videla Montero:<\/b><\/p>\n<p>(Coinvestigador)<\/p>\n<p>Director Teatral&nbsp; y acad\u00e9mico. Miembro fundador de la compa\u00f1\u00eda de teatro de calle: Teatro Provisorio, de la Compa\u00f1\u00eda Gran Circo Teatro y Teatroonirus. Entre sus creaciones destaca: <i>Altazor, pasajero de su destino<\/i> (Espacio P\u00fablico -Fondart de Excelencia, 2010), <i>Ofelia o la madre muerta <\/i>(Sala, 2013), <i>Los Navegantes del Sue\u00f1o <\/i>(2014, Teatro en espacio P\u00fablico), Alas de fuego (2015, Teatro en espacio P\u00fablico), <i>TITO ANDR\u00d3NICO de Shakespeare<\/i> (Espacio p\u00fablico \u2013 Fondart 2016),&nbsp; pieza estrenada en el festival Internacional Santiago a Mil 2017 y director de Rito Inaugural, FITAM Calle 2019.<\/p>\n<p><\/p><br>\t\t\t\t\t\t<\/div>\n\t\t\t\t<\/div>\n\t\t\t\t\t<\/div>\n\t\t<\/div>\n\t\t\t\t<div class=\"elementor-column elementor-col-50 elementor-inner-column elementor-element elementor-element-b46518b\" data-id=\"b46518b\" data-element_type=\"column\">\n\t\t\t<div class=\"elementor-widget-wrap elementor-element-populated\">\n\t\t\t\t\t\t\t\t<div class=\"elementor-element elementor-element-d0bbb89 elementor-widget elementor-widget-text-editor\" data-id=\"d0bbb89\" data-element_type=\"widget\" data-widget_type=\"text-editor.default\">\n\t\t\t\t<div class=\"elementor-widget-container\">\n\t\t\t\t\t\t\t<p><b>Francisco Castillo Ancamil:<\/b><\/p><p>(Ayudante de investigaci\u00f3n)<\/p><p>Gestor Cultural, Licenciado en Historia y Educaci\u00f3n, estudiante de Mag\u00edster en Arte, Pensamiento y Cultura Latinoamericanos en la Universidad de Santiago. Ha trabajado en proyectos relacionados con patrimonio material e inmaterial como el libro <i>Patrimonio Oculto de la ONG Observatorio Cit\u00e9<\/i> y el proyecto FIC Ays\u00e9n fuente inagotable de medicamentos contra el c\u00e1ncer en la Universidad de Ays\u00e9n.\u00a0 Sus investigaciones se han desarrollado en torno a los Centros Culturales y pol\u00edticas de financiamiento en Chile, y actualmente acerca de pr\u00e1cticas art\u00edsticas y pol\u00edtica, particularmente desde las artes esc\u00e9nicas.<\/p>\t\t\t\t\t\t<\/div>\n\t\t\t\t<\/div>\n\t\t\t\t\t<\/div>\n\t\t<\/div>\n\t\t\t\t\t\t\t<\/div>\n\t\t<\/section>\n\t\t\t\t\t<\/div>\n\t\t<\/div>\n\t\t\t\t\t\t\t<\/div>\n\t\t<\/section>\n\t\t\t\t\t\t\t<\/div>\n\t\t","protected":false},"excerpt":{"rendered":"<p>Equipo Nora Fuentealba Rivas: (Investigadora responsable) Investigadora en arte y cultura. Mag\u00edster en Arte menci\u00f3n Teor\u00eda e Historia del Arte en la Universidad de Chile. Ha publicado como coordinadora el libro: Teatro y fulgor. Aproximaciones a la obra de Isidora Aguirre y como coautora: Teatro y memoria en Concepci\u00f3n. Pr\u00e1cticas Teatrales en dictadura. Ha trabajado [&hellip;]<\/p>\n","protected":false},"author":1,"featured_media":0,"parent":0,"menu_order":0,"comment_status":"closed","ping_status":"closed","template":"","meta":{"_acf_changed":false,"footnotes":""},"categories":[],"tags":[],"ciudad":[],"obra":[],"ano":[],"credito":[],"procedencia":[],"codigo":[],"escenario":[],"class_list":["post-25","page","type-page","status-publish","hentry"],"acf":[],"_links":{"self":[{"href":"https:\/\/ateca.cl\/index.php\/wp-json\/wp\/v2\/pages\/25","targetHints":{"allow":["GET"]}}],"collection":[{"href":"https:\/\/ateca.cl\/index.php\/wp-json\/wp\/v2\/pages"}],"about":[{"href":"https:\/\/ateca.cl\/index.php\/wp-json\/wp\/v2\/types\/page"}],"author":[{"embeddable":true,"href":"https:\/\/ateca.cl\/index.php\/wp-json\/wp\/v2\/users\/1"}],"replies":[{"embeddable":true,"href":"https:\/\/ateca.cl\/index.php\/wp-json\/wp\/v2\/comments?post=25"}],"version-history":[{"count":17,"href":"https:\/\/ateca.cl\/index.php\/wp-json\/wp\/v2\/pages\/25\/revisions"}],"predecessor-version":[{"id":3654,"href":"https:\/\/ateca.cl\/index.php\/wp-json\/wp\/v2\/pages\/25\/revisions\/3654"}],"wp:attachment":[{"href":"https:\/\/ateca.cl\/index.php\/wp-json\/wp\/v2\/media?parent=25"}],"wp:term":[{"taxonomy":"category","embeddable":true,"href":"https:\/\/ateca.cl\/index.php\/wp-json\/wp\/v2\/categories?post=25"},{"taxonomy":"post_tag","embeddable":true,"href":"https:\/\/ateca.cl\/index.php\/wp-json\/wp\/v2\/tags?post=25"},{"taxonomy":"ciudad","embeddable":true,"href":"https:\/\/ateca.cl\/index.php\/wp-json\/wp\/v2\/ciudad?post=25"},{"taxonomy":"obra","embeddable":true,"href":"https:\/\/ateca.cl\/index.php\/wp-json\/wp\/v2\/obra?post=25"},{"taxonomy":"ano","embeddable":true,"href":"https:\/\/ateca.cl\/index.php\/wp-json\/wp\/v2\/ano?post=25"},{"taxonomy":"credito","embeddable":true,"href":"https:\/\/ateca.cl\/index.php\/wp-json\/wp\/v2\/credito?post=25"},{"taxonomy":"procedencia","embeddable":true,"href":"https:\/\/ateca.cl\/index.php\/wp-json\/wp\/v2\/procedencia?post=25"},{"taxonomy":"codigo","embeddable":true,"href":"https:\/\/ateca.cl\/index.php\/wp-json\/wp\/v2\/codigo?post=25"},{"taxonomy":"escenario","embeddable":true,"href":"https:\/\/ateca.cl\/index.php\/wp-json\/wp\/v2\/escenario?post=25"}],"curies":[{"name":"wp","href":"https:\/\/api.w.org\/{rel}","templated":true}]}}

<div data-elementor-type="wp-page" data-elementor-id="25" class="elementor elementor-25">
									<section class="elementor-section elementor-top-section elementor-element elementor-element-475a6b9 elementor-section-boxed elementor-section-height-default elementor-section-height-default" data-id="475a6b9" data-element_type="section">
						<div class="elementor-container elementor-column-gap-default">
					<div class="elementor-column elementor-col-100 elementor-top-column elementor-element elementor-element-3de523e" data-id="3de523e" data-element_type="column">
			<div class="elementor-widget-wrap elementor-element-populated">
								<div class="elementor-element elementor-element-57bdb2d elementor-widget elementor-widget-heading" data-id="57bdb2d" data-element_type="widget" data-widget_type="heading.default">
				<div class="elementor-widget-container">
			<style>/*! elementor - v3.10.1 - 17-01-2023 */
.elementor-heading-title{padding:0;margin:0;line-height:1}.elementor-widget-heading .elementor-heading-title[class*=elementor-size-]>a{color:inherit;font-size:inherit;line-height:inherit}.elementor-widget-heading .elementor-heading-title.elementor-size-small{font-size:15px}.elementor-widget-heading .elementor-heading-title.elementor-size-medium{font-size:19px}.elementor-widget-heading .elementor-heading-title.elementor-size-large{font-size:29px}.elementor-widget-heading .elementor-heading-title.elementor-size-xl{font-size:39px}.elementor-widget-heading .elementor-heading-title.elementor-size-xxl{font-size:59px}</style><h2 class="elementor-heading-title elementor-size-default">Equipo</h2>		</div>
				</div>
				<div class="elementor-element elementor-element-2f1b609 elementor-widget elementor-widget-spacer" data-id="2f1b609" data-element_type="widget" data-widget_type="spacer.default">
				<div class="elementor-widget-container">
			<style>/*! elementor - v3.10.1 - 17-01-2023 */
.elementor-column .elementor-spacer-inner{height:var(--spacer-size)}.e-con{--container-widget-width:100%}.e-con-inner>.elementor-widget-spacer,.e-con>.elementor-widget-spacer{width:var(--container-widget-width,var(--spacer-size));--align-self:var(--container-widget-align-self,initial);--flex-shrink:0}.e-con-inner>.elementor-widget-spacer>.elementor-widget-container,.e-con-inner>.elementor-widget-spacer>.elementor-widget-container>.elementor-spacer,.e-con>.elementor-widget-spacer>.elementor-widget-container,.e-con>.elementor-widget-spacer>.elementor-widget-container>.elementor-spacer{height:100%}.e-con-inner>.elementor-widget-spacer>.elementor-widget-container>.elementor-spacer>.elementor-spacer-inner,.e-con>.elementor-widget-spacer>.elementor-widget-container>.elementor-spacer>.elementor-spacer-inner{height:var(--container-widget-height,var(--spacer-size))}</style>		<div class="elementor-spacer">
			<div class="elementor-spacer-inner"></div>
		</div>
				</div>
				</div>
				<section class="elementor-section elementor-inner-section elementor-element elementor-element-9e3fad5 elementor-section-boxed elementor-section-height-default elementor-section-height-default" data-id="9e3fad5" data-element_type="section">
						<div class="elementor-container elementor-column-gap-default">
					<div class="elementor-column elementor-col-50 elementor-inner-column elementor-element elementor-element-86fd2c3" data-id="86fd2c3" data-element_type="column">
			<div class="elementor-widget-wrap elementor-element-populated">
								<div class="elementor-element elementor-element-e151e7f elementor-widget elementor-widget-text-editor" data-id="e151e7f" data-element_type="widget" data-widget_type="text-editor.default">
				<div class="elementor-widget-container">
			<style>/*! elementor - v3.10.1 - 17-01-2023 */
.elementor-widget-text-editor.elementor-drop-cap-view-stacked .elementor-drop-cap{background-color:#818a91;color:#fff}.elementor-widget-text-editor.elementor-drop-cap-view-framed .elementor-drop-cap{color:#818a91;border:3px solid;background-color:transparent}.elementor-widget-text-editor:not(.elementor-drop-cap-view-default) .elementor-drop-cap{margin-top:8px}.elementor-widget-text-editor:not(.elementor-drop-cap-view-default) .elementor-drop-cap-letter{width:1em;height:1em}.elementor-widget-text-editor .elementor-drop-cap{float:left;text-align:center;line-height:1;font-size:50px}.elementor-widget-text-editor .elementor-drop-cap-letter{display:inline-block}</style>				<p><b>Nora Fuentealba Rivas:</b></p><p>(Investigadora responsable)</p><p>Investigadora en arte y cultura. Magíster en Arte mención Teoría e Historia del Arte en la Universidad de Chile. Ha publicado como coordinadora el libro: <i>Teatro y fulgor. Aproximaciones a la obra de Isidora Aguirre</i> y como coautora: <i>Teatro y memoria en Concepción. Prácticas Teatrales en dictadura. </i>Ha trabajado también en proyectos sobre nuevos medios e investigaciones para documentales audiovisuales. Hoy se desarrolla como docente, creadora e investigadora en diversas instancias, en las que destaca los estudios titulados: Protagónicas (Fondo de las Artes Escénicas 2021), Estrategias documentales y memorias (Fondart Nacional 2019), su obra Aproximaciones al olvido (Fondart Regional 2019) y la residencia Marcia Miranda (Fondo de las Artes Escénicas 2021)</p><p>Sus temas de investigación se encuentran vinculados a la relación teatro, memoria e historia de la dictadura cívico militar chilena.</p><p> </p>						</div>
				</div>
					</div>
		</div>
				<div class="elementor-column elementor-col-50 elementor-inner-column elementor-element elementor-element-0f76c33" data-id="0f76c33" data-element_type="column">
			<div class="elementor-widget-wrap elementor-element-populated">
								<div class="elementor-element elementor-element-9229e9f elementor-widget elementor-widget-text-editor" data-id="9229e9f" data-element_type="widget" data-widget_type="text-editor.default">
				<div class="elementor-widget-container">
							<p><b>Vania Montgomery Yulis:</b></p><p>(Archivista)</p><p>Licenciada en Artes con mención en Teoría e Historia del Arte de la Universidad de Chile y diplomada en Archivística por la misma casa de estudios. Su trabajo se centra en la investigación, escritura y reflexión del arte contemporáneo a partir de los archivos y documentos de obras, performances y exposiciones artísticas. Ha trabajado como editora para la revista <i>Punto de Fuga, </i>encargada de archivos y documentos Pedro Montes de la galería D21 y en el archivo titulado: <i>Corpus de obra de Víctor Hugo Codocedo. </i></p>						</div>
				</div>
					</div>
		</div>
							</div>
		</section>
				<section class="elementor-section elementor-inner-section elementor-element elementor-element-6d96073 elementor-section-boxed elementor-section-height-default elementor-section-height-default" data-id="6d96073" data-element_type="section">
						<div class="elementor-container elementor-column-gap-default">
					<div class="elementor-column elementor-col-50 elementor-inner-column elementor-element elementor-element-3d41e1a" data-id="3d41e1a" data-element_type="column">
			<div class="elementor-widget-wrap elementor-element-populated">
								<div class="elementor-element elementor-element-53e94f2 elementor-widget elementor-widget-text-editor" data-id="53e94f2" data-element_type="widget" data-widget_type="text-editor.default">
				<div class="elementor-widget-container">
							<p><b>Horacio Videla Montero:</b></p>
<p>(Coinvestigador)</p>
<p>Director Teatral&nbsp; y académico. Miembro fundador de la compañía de teatro de calle: Teatro Provisorio, de la Compañía Gran Circo Teatro y Teatroonirus. Entre sus creaciones destaca: <i>Altazor, pasajero de su destino</i> (Espacio Público -Fondart de Excelencia, 2010), <i>Ofelia o la madre muerta </i>(Sala, 2013), <i>Los Navegantes del Sueño </i>(2014, Teatro en espacio Público), Alas de fuego (2015, Teatro en espacio Público), <i>TITO ANDRÓNICO de Shakespeare</i> (Espacio público – Fondart 2016),&nbsp; pieza estrenada en el festival Internacional Santiago a Mil 2017 y director de Rito Inaugural, FITAM Calle 2019.</p>
<p></p><br>						</div>
				</div>
					</div>
		</div>
				<div class="elementor-column elementor-col-50 elementor-inner-column elementor-element elementor-element-b46518b" data-id="b46518b" data-element_type="column">
			<div class="elementor-widget-wrap elementor-element-populated">
								<div class="elementor-element elementor-element-d0bbb89 elementor-widget elementor-widget-text-editor" data-id="d0bbb89" data-element_type="widget" data-widget_type="text-editor.default">
				<div class="elementor-widget-container">
							<p><b>Francisco Castillo Ancamil:</b></p><p>(Ayudante de investigación)</p><p>Gestor Cultural, Licenciado en Historia y Educación, estudiante de Magíster en Arte, Pensamiento y Cultura Latinoamericanos en la Universidad de Santiago. Ha trabajado en proyectos relacionados con patrimonio material e inmaterial como el libro <i>Patrimonio Oculto de la ONG Observatorio Cité</i> y el proyecto FIC Aysén fuente inagotable de medicamentos contra el cáncer en la Universidad de Aysén.  Sus investigaciones se han desarrollado en torno a los Centros Culturales y políticas de financiamiento en Chile, y actualmente acerca de prácticas artísticas y política, particularmente desde las artes escénicas.</p>						</div>
				</div>
					</div>
		</div>
							</div>
		</section>
					</div>
		</div>
							</div>
		</section>
							</div>

<p>Equipo Nora Fuentealba Rivas: (Investigadora responsable) Investigadora en arte y cultura. Magíster en Arte mención Teoría e Historia del Arte en la Universidad de Chile. Ha publicado como coordinadora el libro: Teatro y fulgor. Aproximaciones a la obra de Isidora Aguirre y como coautora: Teatro y memoria en Concepción. Prácticas Teatrales en dictadura. Ha trabajado [&hellip;]</p>
