{"id":4162,"date":"2022-11-03T21:49:36","date_gmt":"2022-11-03T21:49:36","guid":{"rendered":"https:\/\/ateca.cl\/?page_id=4162"},"modified":"2022-12-16T15:27:23","modified_gmt":"2022-12-16T15:27:23","slug":"quien-tuvo-la-culpa-de-la-muerte-de-maria-gonzalez","status":"publish","type":"page","link":"https:\/\/ateca.cl\/index.php\/companias\/teatro-de-feria\/quien-tuvo-la-culpa-de-la-muerte-de-maria-gonzalez\/","title":{"rendered":"\u00bfQui\u00e9n tuvo la culpa de la muerte de Mar\u00eda Gonz\u00e1lez?"},"content":{"rendered":"\t\t<div data-elementor-type=\"wp-page\" data-elementor-id=\"4162\" class=\"elementor elementor-4162\">\n\t\t\t\t\t\t\t\t\t<section class=\"elementor-section elementor-top-section elementor-element elementor-element-1e0ebed6 elementor-section-boxed elementor-section-height-default elementor-section-height-default\" data-id=\"1e0ebed6\" data-element_type=\"section\">\n\t\t\t\t\t\t<div class=\"elementor-container elementor-column-gap-default\">\n\t\t\t\t\t<div class=\"elementor-column elementor-col-100 elementor-top-column elementor-element elementor-element-3d3a6b0a\" data-id=\"3d3a6b0a\" data-element_type=\"column\">\n\t\t\t<div class=\"elementor-widget-wrap\">\n\t\t\t\t\t\t\t\t\t<\/div>\n\t\t<\/div>\n\t\t\t\t\t\t\t<\/div>\n\t\t<\/section>\n\t\t\t\t<section class=\"elementor-section elementor-top-section elementor-element elementor-element-1da09a72 elementor-section-boxed elementor-section-height-default elementor-section-height-default\" data-id=\"1da09a72\" data-element_type=\"section\">\n\t\t\t\t\t\t<div class=\"elementor-container elementor-column-gap-default\">\n\t\t\t\t\t<div class=\"elementor-column elementor-col-50 elementor-top-column elementor-element elementor-element-66025ac1\" data-id=\"66025ac1\" data-element_type=\"column\">\n\t\t\t<div class=\"elementor-widget-wrap elementor-element-populated\">\n\t\t\t\t\t\t\t\t<div class=\"elementor-element elementor-element-6a606fe8 elementor-widget elementor-widget-theme-post-title elementor-page-title elementor-widget-heading\" data-id=\"6a606fe8\" data-element_type=\"widget\" data-widget_type=\"theme-post-title.default\">\n\t\t\t\t<div class=\"elementor-widget-container\">\n\t\t\t<style>\/*! elementor - v3.10.1 - 17-01-2023 *\/\n.elementor-heading-title{padding:0;margin:0;line-height:1}.elementor-widget-heading .elementor-heading-title[class*=elementor-size-]>a{color:inherit;font-size:inherit;line-height:inherit}.elementor-widget-heading .elementor-heading-title.elementor-size-small{font-size:15px}.elementor-widget-heading .elementor-heading-title.elementor-size-medium{font-size:19px}.elementor-widget-heading .elementor-heading-title.elementor-size-large{font-size:29px}.elementor-widget-heading .elementor-heading-title.elementor-size-xl{font-size:39px}.elementor-widget-heading .elementor-heading-title.elementor-size-xxl{font-size:59px}<\/style><h1 class=\"elementor-heading-title elementor-size-default\">\u00bfQui\u00e9n tuvo la culpa de la muerte de Mar\u00eda Gonz\u00e1lez?<\/h1>\t\t<\/div>\n\t\t\t\t<\/div>\n\t\t\t\t<div class=\"elementor-element elementor-element-1bcb8f8e elementor-widget elementor-widget-text-editor\" data-id=\"1bcb8f8e\" data-element_type=\"widget\" data-widget_type=\"text-editor.default\">\n\t\t\t\t<div class=\"elementor-widget-container\">\n\t\t\t<style>\/*! elementor - v3.10.1 - 17-01-2023 *\/\n.elementor-widget-text-editor.elementor-drop-cap-view-stacked .elementor-drop-cap{background-color:#818a91;color:#fff}.elementor-widget-text-editor.elementor-drop-cap-view-framed .elementor-drop-cap{color:#818a91;border:3px solid;background-color:transparent}.elementor-widget-text-editor:not(.elementor-drop-cap-view-default) .elementor-drop-cap{margin-top:8px}.elementor-widget-text-editor:not(.elementor-drop-cap-view-default) .elementor-drop-cap-letter{width:1em;height:1em}.elementor-widget-text-editor .elementor-drop-cap{float:left;text-align:center;line-height:1;font-size:50px}.elementor-widget-text-editor .elementor-drop-cap-letter{display:inline-block}<\/style>\t\t\t\t<p><strong>Direcci\u00f3n:<\/strong> Andr\u00e9s Pavez;<\/p><p><strong>Teatristas: <\/strong>Esm\u00e9rita Huili\u00f1ir<br \/><strong>Gui\u00f3n original:<\/strong> Isidora Aguirre<\/p>\t\t\t\t\t\t<\/div>\n\t\t\t\t<\/div>\n\t\t\t\t\t<\/div>\n\t\t<\/div>\n\t\t\t\t<div class=\"elementor-column elementor-col-50 elementor-top-column elementor-element elementor-element-5d72dca1\" data-id=\"5d72dca1\" data-element_type=\"column\">\n\t\t\t<div class=\"elementor-widget-wrap\">\n\t\t\t\t\t\t\t\t\t<\/div>\n\t\t<\/div>\n\t\t\t\t\t\t\t<\/div>\n\t\t<\/section>\n\t\t\t\t<section class=\"elementor-section elementor-top-section elementor-element elementor-element-216a3a4c elementor-section-boxed elementor-section-height-default elementor-section-height-default\" data-id=\"216a3a4c\" data-element_type=\"section\">\n\t\t\t\t\t\t<div class=\"elementor-container elementor-column-gap-default\">\n\t\t\t\t\t<div class=\"elementor-column elementor-col-100 elementor-top-column elementor-element elementor-element-460fd42d\" data-id=\"460fd42d\" data-element_type=\"column\">\n\t\t\t<div class=\"elementor-widget-wrap elementor-element-populated\">\n\t\t\t\t\t\t\t\t<div class=\"elementor-element elementor-element-4925fc55 elementor-widget elementor-widget-heading\" data-id=\"4925fc55\" data-element_type=\"widget\" data-widget_type=\"heading.default\">\n\t\t\t\t<div class=\"elementor-widget-container\">\n\t\t\t<h2 class=\"elementor-heading-title elementor-size-default\">documentos<\/h2>\t\t<\/div>\n\t\t\t\t<\/div>\n\t\t\t\t<div class=\"elementor-element elementor-element-19a1a304 elementor-grid-3 elementor-grid-tablet-2 elementor-grid-mobile-1 elementor-widget elementor-widget-portfolio\" data-id=\"19a1a304\" data-element_type=\"widget\" data-settings=\"{&quot;row_gap&quot;:{&quot;unit&quot;:&quot;px&quot;,&quot;size&quot;:10,&quot;sizes&quot;:[]},&quot;columns&quot;:&quot;3&quot;,&quot;columns_tablet&quot;:&quot;2&quot;,&quot;columns_mobile&quot;:&quot;1&quot;,&quot;item_ratio&quot;:{&quot;unit&quot;:&quot;px&quot;,&quot;size&quot;:0.66,&quot;sizes&quot;:[]},&quot;item_gap&quot;:{&quot;unit&quot;:&quot;px&quot;,&quot;size&quot;:&quot;&quot;,&quot;sizes&quot;:[]}}\" data-widget_type=\"portfolio.default\">\n\t\t\t\t<div class=\"elementor-widget-container\">\n\t\t\t<link rel=\"stylesheet\" href=\"https:\/\/ateca.cl\/wp-content\/plugins\/elementor-pro\/assets\/css\/widget-posts.min.css\">\t\t<div class=\"elementor-portfolio elementor-grid elementor-posts-container\">\n\t\t\t\t<article class=\"elementor-portfolio-item elementor-post  post-4432 post type-post status-publish format-standard has-post-thumbnail hentry category-teatro-de-feria tag-prensa ciudad-temuco obra-quien-tuvo-la-culpa-de-la-muerte-de-maria-gonzalez ano-130 credito-esmerita-huilinir-2 procedencia-esmerita-huilinir-3 escenario-bulnes\">\n\t\t\t<a class=\"elementor-post__thumbnail__link\" href=\"https:\/\/ateca.cl\/index.php\/2022\/11\/05\/fotografia-de-prensa-obra-quien-tuvo-la-culpa-de-la-muerte-de-maria-gonzalez\/\">\n\t\t\t\t<div class=\"elementor-portfolio-item__img elementor-post__thumbnail\">\n\t\t\t<img loading=\"lazy\" decoding=\"async\" width=\"344\" height=\"553\" src=\"https:\/\/ateca.cl\/wp-content\/uploads\/2022\/11\/ATECA_03_03_02.jpg\" class=\"attachment-medium_large size-medium_large wp-image-4433\" alt=\"\" srcset=\"https:\/\/ateca.cl\/wp-content\/uploads\/2022\/11\/ATECA_03_03_02.jpg 344w, https:\/\/ateca.cl\/wp-content\/uploads\/2022\/11\/ATECA_03_03_02-187x300.jpg 187w\" sizes=\"auto, (max-width: 344px) 100vw, 344px\" \/>\t\t<\/div>\n\t\t\t\t<div class=\"elementor-portfolio-item__overlay\">\n\t\t\t\t<h3 class=\"elementor-portfolio-item__title\">\n\t\tFotograf\u00eda de prensa obra \u00bfQui\u00e9n tuvo la culpa de la muerte de Mar\u00eda Gonz\u00e1lez?\t\t<\/h3>\n\t\t\t\t<\/div>\n\t\t\t\t<\/a>\n\t\t<\/article>\n\t\t\t\t<article class=\"elementor-portfolio-item elementor-post  post-4413 post type-post status-publish format-standard has-post-thumbnail hentry category-teatro-de-feria tag-prensa ciudad-temuco obra-quien-tuvo-la-culpa-de-la-muerte-de-maria-gonzalez ano-130 credito-esmerita-huilinir-2 procedencia-esmerita-huilinir-3 escenario-disco-1020\">\n\t\t\t<a class=\"elementor-post__thumbnail__link\" href=\"https:\/\/ateca.cl\/index.php\/2022\/11\/05\/nueva-presentacion-de-obra-de-isidora-aguirre\/\">\n\t\t\t\t<div class=\"elementor-portfolio-item__img elementor-post__thumbnail\">\n\t\t\t<img loading=\"lazy\" decoding=\"async\" width=\"340\" height=\"918\" src=\"https:\/\/ateca.cl\/wp-content\/uploads\/2022\/11\/ATECA_03_03_01.jpg\" class=\"attachment-medium_large size-medium_large wp-image-4414\" alt=\"\" srcset=\"https:\/\/ateca.cl\/wp-content\/uploads\/2022\/11\/ATECA_03_03_01.jpg 340w, https:\/\/ateca.cl\/wp-content\/uploads\/2022\/11\/ATECA_03_03_01-111x300.jpg 111w\" sizes=\"auto, (max-width: 340px) 100vw, 340px\" \/>\t\t<\/div>\n\t\t\t\t<div class=\"elementor-portfolio-item__overlay\">\n\t\t\t\t<h3 class=\"elementor-portfolio-item__title\">\n\t\tNueva presentaci\u00f3n de obra de Isidora Aguirre\t\t<\/h3>\n\t\t\t\t<\/div>\n\t\t\t\t<\/a>\n\t\t<\/article>\n\t\t\t\t<\/div>\n\t\t\t\t<\/div>\n\t\t\t\t<\/div>\n\t\t\t\t\t<\/div>\n\t\t<\/div>\n\t\t\t\t\t\t\t<\/div>\n\t\t<\/section>\n\t\t\t\t\t\t\t<\/div>\n\t\t","protected":false},"excerpt":{"rendered":"<p>Direcci\u00f3n: Andr\u00e9s Pavez; Teatristas: Esm\u00e9rita Huili\u00f1irGui\u00f3n original: Isidora Aguirre documentos<\/p>\n","protected":false},"author":1,"featured_media":4135,"parent":53,"menu_order":0,"comment_status":"closed","ping_status":"closed","template":"elementor_header_footer","meta":{"_acf_changed":false,"footnotes":""},"categories":[42],"tags":[78],"ciudad":[91],"obra":[],"ano":[130],"credito":[],"procedencia":[],"codigo":[],"escenario":[],"class_list":["post-4162","page","type-page","status-publish","has-post-thumbnail","hentry","category-teatro-de-feria","tag-obra","ciudad-temuco","ano-130"],"acf":[],"_links":{"self":[{"href":"https:\/\/ateca.cl\/index.php\/wp-json\/wp\/v2\/pages\/4162","targetHints":{"allow":["GET"]}}],"collection":[{"href":"https:\/\/ateca.cl\/index.php\/wp-json\/wp\/v2\/pages"}],"about":[{"href":"https:\/\/ateca.cl\/index.php\/wp-json\/wp\/v2\/types\/page"}],"author":[{"embeddable":true,"href":"https:\/\/ateca.cl\/index.php\/wp-json\/wp\/v2\/users\/1"}],"replies":[{"embeddable":true,"href":"https:\/\/ateca.cl\/index.php\/wp-json\/wp\/v2\/comments?post=4162"}],"version-history":[{"count":13,"href":"https:\/\/ateca.cl\/index.php\/wp-json\/wp\/v2\/pages\/4162\/revisions"}],"predecessor-version":[{"id":5274,"href":"https:\/\/ateca.cl\/index.php\/wp-json\/wp\/v2\/pages\/4162\/revisions\/5274"}],"up":[{"embeddable":true,"href":"https:\/\/ateca.cl\/index.php\/wp-json\/wp\/v2\/pages\/53"}],"wp:featuredmedia":[{"embeddable":true,"href":"https:\/\/ateca.cl\/index.php\/wp-json\/wp\/v2\/media\/4135"}],"wp:attachment":[{"href":"https:\/\/ateca.cl\/index.php\/wp-json\/wp\/v2\/media?parent=4162"}],"wp:term":[{"taxonomy":"category","embeddable":true,"href":"https:\/\/ateca.cl\/index.php\/wp-json\/wp\/v2\/categories?post=4162"},{"taxonomy":"post_tag","embeddable":true,"href":"https:\/\/ateca.cl\/index.php\/wp-json\/wp\/v2\/tags?post=4162"},{"taxonomy":"ciudad","embeddable":true,"href":"https:\/\/ateca.cl\/index.php\/wp-json\/wp\/v2\/ciudad?post=4162"},{"taxonomy":"obra","embeddable":true,"href":"https:\/\/ateca.cl\/index.php\/wp-json\/wp\/v2\/obra?post=4162"},{"taxonomy":"ano","embeddable":true,"href":"https:\/\/ateca.cl\/index.php\/wp-json\/wp\/v2\/ano?post=4162"},{"taxonomy":"credito","embeddable":true,"href":"https:\/\/ateca.cl\/index.php\/wp-json\/wp\/v2\/credito?post=4162"},{"taxonomy":"procedencia","embeddable":true,"href":"https:\/\/ateca.cl\/index.php\/wp-json\/wp\/v2\/procedencia?post=4162"},{"taxonomy":"codigo","embeddable":true,"href":"https:\/\/ateca.cl\/index.php\/wp-json\/wp\/v2\/codigo?post=4162"},{"taxonomy":"escenario","embeddable":true,"href":"https:\/\/ateca.cl\/index.php\/wp-json\/wp\/v2\/escenario?post=4162"}],"curies":[{"name":"wp","href":"https:\/\/api.w.org\/{rel}","templated":true}]}}

¿Quién tuvo la culpa de la muerte de María González?

<div data-elementor-type="wp-page" data-elementor-id="4162" class="elementor elementor-4162">
									<section class="elementor-section elementor-top-section elementor-element elementor-element-1e0ebed6 elementor-section-boxed elementor-section-height-default elementor-section-height-default" data-id="1e0ebed6" data-element_type="section">
						<div class="elementor-container elementor-column-gap-default">
					<div class="elementor-column elementor-col-100 elementor-top-column elementor-element elementor-element-3d3a6b0a" data-id="3d3a6b0a" data-element_type="column">
			<div class="elementor-widget-wrap">
									</div>
		</div>
							</div>
		</section>
				<section class="elementor-section elementor-top-section elementor-element elementor-element-1da09a72 elementor-section-boxed elementor-section-height-default elementor-section-height-default" data-id="1da09a72" data-element_type="section">
						<div class="elementor-container elementor-column-gap-default">
					<div class="elementor-column elementor-col-50 elementor-top-column elementor-element elementor-element-66025ac1" data-id="66025ac1" data-element_type="column">
			<div class="elementor-widget-wrap elementor-element-populated">
								<div class="elementor-element elementor-element-6a606fe8 elementor-widget elementor-widget-theme-post-title elementor-page-title elementor-widget-heading" data-id="6a606fe8" data-element_type="widget" data-widget_type="theme-post-title.default">
				<div class="elementor-widget-container">
			<style>/*! elementor - v3.10.1 - 17-01-2023 */
.elementor-heading-title{padding:0;margin:0;line-height:1}.elementor-widget-heading .elementor-heading-title[class*=elementor-size-]>a{color:inherit;font-size:inherit;line-height:inherit}.elementor-widget-heading .elementor-heading-title.elementor-size-small{font-size:15px}.elementor-widget-heading .elementor-heading-title.elementor-size-medium{font-size:19px}.elementor-widget-heading .elementor-heading-title.elementor-size-large{font-size:29px}.elementor-widget-heading .elementor-heading-title.elementor-size-xl{font-size:39px}.elementor-widget-heading .elementor-heading-title.elementor-size-xxl{font-size:59px}</style><h1 class="elementor-heading-title elementor-size-default">¿Quién tuvo la culpa de la muerte de María González?</h1>		</div>
				</div>
				<div class="elementor-element elementor-element-1bcb8f8e elementor-widget elementor-widget-text-editor" data-id="1bcb8f8e" data-element_type="widget" data-widget_type="text-editor.default">
				<div class="elementor-widget-container">
			<style>/*! elementor - v3.10.1 - 17-01-2023 */
.elementor-widget-text-editor.elementor-drop-cap-view-stacked .elementor-drop-cap{background-color:#818a91;color:#fff}.elementor-widget-text-editor.elementor-drop-cap-view-framed .elementor-drop-cap{color:#818a91;border:3px solid;background-color:transparent}.elementor-widget-text-editor:not(.elementor-drop-cap-view-default) .elementor-drop-cap{margin-top:8px}.elementor-widget-text-editor:not(.elementor-drop-cap-view-default) .elementor-drop-cap-letter{width:1em;height:1em}.elementor-widget-text-editor .elementor-drop-cap{float:left;text-align:center;line-height:1;font-size:50px}.elementor-widget-text-editor .elementor-drop-cap-letter{display:inline-block}</style>				<p><strong>Dirección:</strong> Andrés Pavez;</p><p><strong>Teatristas: </strong>Esmérita Huiliñir<br /><strong>Guión original:</strong> Isidora Aguirre</p>						</div>
				</div>
					</div>
		</div>
				<div class="elementor-column elementor-col-50 elementor-top-column elementor-element elementor-element-5d72dca1" data-id="5d72dca1" data-element_type="column">
			<div class="elementor-widget-wrap">
									</div>
		</div>
							</div>
		</section>
				<section class="elementor-section elementor-top-section elementor-element elementor-element-216a3a4c elementor-section-boxed elementor-section-height-default elementor-section-height-default" data-id="216a3a4c" data-element_type="section">
						<div class="elementor-container elementor-column-gap-default">
					<div class="elementor-column elementor-col-100 elementor-top-column elementor-element elementor-element-460fd42d" data-id="460fd42d" data-element_type="column">
			<div class="elementor-widget-wrap elementor-element-populated">
								<div class="elementor-element elementor-element-4925fc55 elementor-widget elementor-widget-heading" data-id="4925fc55" data-element_type="widget" data-widget_type="heading.default">
				<div class="elementor-widget-container">
			<h2 class="elementor-heading-title elementor-size-default">documentos</h2>		</div>
				</div>
				<div class="elementor-element elementor-element-19a1a304 elementor-grid-3 elementor-grid-tablet-2 elementor-grid-mobile-1 elementor-widget elementor-widget-portfolio" data-id="19a1a304" data-element_type="widget" data-settings="{&quot;row_gap&quot;:{&quot;unit&quot;:&quot;px&quot;,&quot;size&quot;:10,&quot;sizes&quot;:[]},&quot;columns&quot;:&quot;3&quot;,&quot;columns_tablet&quot;:&quot;2&quot;,&quot;columns_mobile&quot;:&quot;1&quot;,&quot;item_ratio&quot;:{&quot;unit&quot;:&quot;px&quot;,&quot;size&quot;:0.66,&quot;sizes&quot;:[]},&quot;item_gap&quot;:{&quot;unit&quot;:&quot;px&quot;,&quot;size&quot;:&quot;&quot;,&quot;sizes&quot;:[]}}" data-widget_type="portfolio.default">
				<div class="elementor-widget-container">
			<link rel="stylesheet" href="https://ateca.cl/wp-content/plugins/elementor-pro/assets/css/widget-posts.min.css">		<div class="elementor-portfolio elementor-grid elementor-posts-container">
				<article class="elementor-portfolio-item elementor-post  post-4432 post type-post status-publish format-standard has-post-thumbnail hentry category-teatro-de-feria tag-prensa ciudad-temuco obra-quien-tuvo-la-culpa-de-la-muerte-de-maria-gonzalez ano-130 credito-esmerita-huilinir-2 procedencia-esmerita-huilinir-3 escenario-bulnes">
			<a class="elementor-post__thumbnail__link" href="https://ateca.cl/index.php/2022/11/05/fotografia-de-prensa-obra-quien-tuvo-la-culpa-de-la-muerte-de-maria-gonzalez/">
				<div class="elementor-portfolio-item__img elementor-post__thumbnail">
			<img loading="lazy" decoding="async" width="344" height="553" src="https://ateca.cl/wp-content/uploads/2022/11/ATECA_03_03_02.jpg" class="attachment-medium_large size-medium_large wp-image-4433" alt="" srcset="https://ateca.cl/wp-content/uploads/2022/11/ATECA_03_03_02.jpg 344w, https://ateca.cl/wp-content/uploads/2022/11/ATECA_03_03_02-187x300.jpg 187w" sizes="auto, (max-width: 344px) 100vw, 344px" />		</div>
				<div class="elementor-portfolio-item__overlay">
				<h3 class="elementor-portfolio-item__title">
		Fotografía de prensa obra ¿Quién tuvo la culpa de la muerte de María González?		</h3>
				</div>
				</a>
		</article>
				<article class="elementor-portfolio-item elementor-post  post-4413 post type-post status-publish format-standard has-post-thumbnail hentry category-teatro-de-feria tag-prensa ciudad-temuco obra-quien-tuvo-la-culpa-de-la-muerte-de-maria-gonzalez ano-130 credito-esmerita-huilinir-2 procedencia-esmerita-huilinir-3 escenario-disco-1020">
			<a class="elementor-post__thumbnail__link" href="https://ateca.cl/index.php/2022/11/05/nueva-presentacion-de-obra-de-isidora-aguirre/">
				<div class="elementor-portfolio-item__img elementor-post__thumbnail">
			<img loading="lazy" decoding="async" width="340" height="918" src="https://ateca.cl/wp-content/uploads/2022/11/ATECA_03_03_01.jpg" class="attachment-medium_large size-medium_large wp-image-4414" alt="" srcset="https://ateca.cl/wp-content/uploads/2022/11/ATECA_03_03_01.jpg 340w, https://ateca.cl/wp-content/uploads/2022/11/ATECA_03_03_01-111x300.jpg 111w" sizes="auto, (max-width: 340px) 100vw, 340px" />		</div>
				<div class="elementor-portfolio-item__overlay">
				<h3 class="elementor-portfolio-item__title">
		Nueva presentación de obra de Isidora Aguirre		</h3>
				</div>
				</a>
		</article>
				</div>
				</div>
				</div>
					</div>
		</div>
							</div>
		</section>
							</div>

<p>Dirección: Andrés Pavez; Teatristas: Esmérita HuiliñirGuión original: Isidora Aguirre documentos</p>
