{"id":4232,"date":"2022-11-03T23:24:50","date_gmt":"2022-11-03T23:24:50","guid":{"rendered":"https:\/\/ateca.cl\/?page_id=4232"},"modified":"2022-12-16T16:54:47","modified_gmt":"2022-12-16T16:54:47","slug":"el-arrestazabal","status":"publish","type":"page","link":"https:\/\/ateca.cl\/index.php\/companias\/teatro-de-la-calle\/el-arrestazabal\/","title":{"rendered":"El arrestazabal"},"content":{"rendered":"\t\t<div data-elementor-type=\"wp-page\" data-elementor-id=\"4232\" class=\"elementor elementor-4232\">\n\t\t\t\t\t\t\t\t\t<section class=\"elementor-section elementor-top-section elementor-element elementor-element-6faabb25 elementor-section-full_width elementor-section-height-default elementor-section-height-default\" data-id=\"6faabb25\" data-element_type=\"section\">\n\t\t\t\t\t\t<div class=\"elementor-container elementor-column-gap-default\">\n\t\t\t\t\t<div class=\"elementor-column elementor-col-100 elementor-top-column elementor-element elementor-element-eeccd20\" data-id=\"eeccd20\" data-element_type=\"column\">\n\t\t\t<div class=\"elementor-widget-wrap\">\n\t\t\t\t\t\t\t\t\t<\/div>\n\t\t<\/div>\n\t\t\t\t\t\t\t<\/div>\n\t\t<\/section>\n\t\t\t\t<section class=\"elementor-section elementor-top-section elementor-element elementor-element-5b9b15c6 elementor-section-boxed elementor-section-height-default elementor-section-height-default\" data-id=\"5b9b15c6\" data-element_type=\"section\">\n\t\t\t\t\t\t<div class=\"elementor-container elementor-column-gap-default\">\n\t\t\t\t\t<div class=\"elementor-column elementor-col-50 elementor-top-column elementor-element elementor-element-38179485\" data-id=\"38179485\" data-element_type=\"column\">\n\t\t\t<div class=\"elementor-widget-wrap elementor-element-populated\">\n\t\t\t\t\t\t\t\t<div class=\"elementor-element elementor-element-42fa0e54 elementor-widget elementor-widget-theme-post-title elementor-page-title elementor-widget-heading\" data-id=\"42fa0e54\" data-element_type=\"widget\" data-widget_type=\"theme-post-title.default\">\n\t\t\t\t<div class=\"elementor-widget-container\">\n\t\t\t<style>\/*! elementor - v3.10.1 - 17-01-2023 *\/\n.elementor-heading-title{padding:0;margin:0;line-height:1}.elementor-widget-heading .elementor-heading-title[class*=elementor-size-]>a{color:inherit;font-size:inherit;line-height:inherit}.elementor-widget-heading .elementor-heading-title.elementor-size-small{font-size:15px}.elementor-widget-heading .elementor-heading-title.elementor-size-medium{font-size:19px}.elementor-widget-heading .elementor-heading-title.elementor-size-large{font-size:29px}.elementor-widget-heading .elementor-heading-title.elementor-size-xl{font-size:39px}.elementor-widget-heading .elementor-heading-title.elementor-size-xxl{font-size:59px}<\/style><h1 class=\"elementor-heading-title elementor-size-default\">El arrestazabal<\/h1>\t\t<\/div>\n\t\t\t\t<\/div>\n\t\t\t\t<div class=\"elementor-element elementor-element-31b538cc elementor-widget elementor-widget-text-editor\" data-id=\"31b538cc\" data-element_type=\"widget\" data-widget_type=\"text-editor.default\">\n\t\t\t\t<div class=\"elementor-widget-container\">\n\t\t\t<style>\/*! elementor - v3.10.1 - 17-01-2023 *\/\n.elementor-widget-text-editor.elementor-drop-cap-view-stacked .elementor-drop-cap{background-color:#818a91;color:#fff}.elementor-widget-text-editor.elementor-drop-cap-view-framed .elementor-drop-cap{color:#818a91;border:3px solid;background-color:transparent}.elementor-widget-text-editor:not(.elementor-drop-cap-view-default) .elementor-drop-cap{margin-top:8px}.elementor-widget-text-editor:not(.elementor-drop-cap-view-default) .elementor-drop-cap-letter{width:1em;height:1em}.elementor-widget-text-editor .elementor-drop-cap{float:left;text-align:center;line-height:1;font-size:50px}.elementor-widget-text-editor .elementor-drop-cap-letter{display:inline-block}<\/style>\t\t\t\t<p><strong>Teatristas:<\/strong> Juan Manuel S\u00e1nchez, Ana Mar\u00eda Montan\u00e9<\/p>\t\t\t\t\t\t<\/div>\n\t\t\t\t<\/div>\n\t\t\t\t\t<\/div>\n\t\t<\/div>\n\t\t\t\t<div class=\"elementor-column elementor-col-50 elementor-top-column elementor-element elementor-element-7b068c84\" data-id=\"7b068c84\" data-element_type=\"column\">\n\t\t\t<div class=\"elementor-widget-wrap\">\n\t\t\t\t\t\t\t\t\t<\/div>\n\t\t<\/div>\n\t\t\t\t\t\t\t<\/div>\n\t\t<\/section>\n\t\t\t\t<section class=\"elementor-section elementor-top-section elementor-element elementor-element-34a7cc76 elementor-section-boxed elementor-section-height-default elementor-section-height-default\" data-id=\"34a7cc76\" data-element_type=\"section\">\n\t\t\t\t\t\t<div class=\"elementor-container elementor-column-gap-default\">\n\t\t\t\t\t<div class=\"elementor-column elementor-col-100 elementor-top-column elementor-element elementor-element-19c4480e\" data-id=\"19c4480e\" data-element_type=\"column\">\n\t\t\t<div class=\"elementor-widget-wrap elementor-element-populated\">\n\t\t\t\t\t\t\t\t<div class=\"elementor-element elementor-element-1c5a972b elementor-widget elementor-widget-heading\" data-id=\"1c5a972b\" data-element_type=\"widget\" data-widget_type=\"heading.default\">\n\t\t\t\t<div class=\"elementor-widget-container\">\n\t\t\t<h2 class=\"elementor-heading-title elementor-size-default\">Registros fotogr\u00e1ficos<\/h2>\t\t<\/div>\n\t\t\t\t<\/div>\n\t\t\t\t<div class=\"elementor-element elementor-element-7b273eeb elementor-grid-3 elementor-grid-tablet-2 elementor-grid-mobile-1 elementor-widget elementor-widget-portfolio\" data-id=\"7b273eeb\" data-element_type=\"widget\" data-settings=\"{&quot;row_gap&quot;:{&quot;unit&quot;:&quot;px&quot;,&quot;size&quot;:10,&quot;sizes&quot;:[]},&quot;columns&quot;:&quot;3&quot;,&quot;columns_tablet&quot;:&quot;2&quot;,&quot;columns_mobile&quot;:&quot;1&quot;,&quot;item_ratio&quot;:{&quot;unit&quot;:&quot;px&quot;,&quot;size&quot;:0.66,&quot;sizes&quot;:[]},&quot;item_gap&quot;:{&quot;unit&quot;:&quot;px&quot;,&quot;size&quot;:&quot;&quot;,&quot;sizes&quot;:[]}}\" data-widget_type=\"portfolio.default\">\n\t\t\t\t<div class=\"elementor-widget-container\">\n\t\t\t<link rel=\"stylesheet\" href=\"https:\/\/ateca.cl\/wp-content\/plugins\/elementor-pro\/assets\/css\/widget-posts.min.css\">\t\t<div class=\"elementor-portfolio elementor-grid elementor-posts-container\">\n\t\t\t\t<article class=\"elementor-portfolio-item elementor-post  post-4953 post type-post status-publish format-standard has-post-thumbnail hentry category-teatro-de-la-calle ciudad-santiago obra-el-arrestazabal procedencia-ana-maria-montane escenario-huerfanos\">\n\t\t\t<a class=\"elementor-post__thumbnail__link\" href=\"https:\/\/ateca.cl\/index.php\/2022\/11\/15\/fotografia-de-el-arrestazabal\/\">\n\t\t\t\t<div class=\"elementor-portfolio-item__img elementor-post__thumbnail\">\n\t\t\t<img loading=\"lazy\" decoding=\"async\" width=\"768\" height=\"689\" src=\"https:\/\/ateca.cl\/wp-content\/uploads\/2022\/11\/ATECA_07_04_01-768x689.jpg\" class=\"attachment-medium_large size-medium_large wp-image-4961\" alt=\"\" srcset=\"https:\/\/ateca.cl\/wp-content\/uploads\/2022\/11\/ATECA_07_04_01-768x689.jpg 768w, https:\/\/ateca.cl\/wp-content\/uploads\/2022\/11\/ATECA_07_04_01-300x269.jpg 300w, https:\/\/ateca.cl\/wp-content\/uploads\/2022\/11\/ATECA_07_04_01-1024x919.jpg 1024w, https:\/\/ateca.cl\/wp-content\/uploads\/2022\/11\/ATECA_07_04_01.jpg 1242w\" sizes=\"auto, (max-width: 768px) 100vw, 768px\" \/>\t\t<\/div>\n\t\t\t\t<div class=\"elementor-portfolio-item__overlay\">\n\t\t\t\t<h3 class=\"elementor-portfolio-item__title\">\n\t\tFotograf\u00eda de El arrestazabal\t\t<\/h3>\n\t\t\t\t<\/div>\n\t\t\t\t<\/a>\n\t\t<\/article>\n\t\t\t\t<article class=\"elementor-portfolio-item elementor-post  post-4969 post type-post status-publish format-standard has-post-thumbnail hentry category-teatro-de-la-calle ciudad-santiago obra-el-arrestazabal procedencia-ana-maria-montane escenario-huerfanos\">\n\t\t\t<a class=\"elementor-post__thumbnail__link\" href=\"https:\/\/ateca.cl\/index.php\/2022\/11\/15\/fotografia-de-el-arrestazabal-2\/\">\n\t\t\t\t<div class=\"elementor-portfolio-item__img elementor-post__thumbnail\">\n\t\t\t<img loading=\"lazy\" decoding=\"async\" width=\"768\" height=\"1179\" src=\"https:\/\/ateca.cl\/wp-content\/uploads\/2022\/11\/ATECA_07_04_03-768x1179.jpg\" class=\"attachment-medium_large size-medium_large wp-image-4972\" alt=\"\" srcset=\"https:\/\/ateca.cl\/wp-content\/uploads\/2022\/11\/ATECA_07_04_03-768x1179.jpg 768w, https:\/\/ateca.cl\/wp-content\/uploads\/2022\/11\/ATECA_07_04_03-195x300.jpg 195w, https:\/\/ateca.cl\/wp-content\/uploads\/2022\/11\/ATECA_07_04_03-667x1024.jpg 667w, https:\/\/ateca.cl\/wp-content\/uploads\/2022\/11\/ATECA_07_04_03-1001x1536.jpg 1001w, https:\/\/ateca.cl\/wp-content\/uploads\/2022\/11\/ATECA_07_04_03.jpg 1282w\" sizes=\"auto, (max-width: 768px) 100vw, 768px\" \/>\t\t<\/div>\n\t\t\t\t<div class=\"elementor-portfolio-item__overlay\">\n\t\t\t\t<h3 class=\"elementor-portfolio-item__title\">\n\t\tFotograf\u00eda de El arrestazabal\t\t<\/h3>\n\t\t\t\t<\/div>\n\t\t\t\t<\/a>\n\t\t<\/article>\n\t\t\t\t<article class=\"elementor-portfolio-item elementor-post  post-4986 post type-post status-publish format-standard has-post-thumbnail hentry category-teatro-de-la-calle ciudad-santiago obra-el-arrestazabal procedencia-ana-maria-montane escenario-huerfanos\">\n\t\t\t<a class=\"elementor-post__thumbnail__link\" href=\"https:\/\/ateca.cl\/index.php\/2022\/11\/15\/fotografia-de-el-arrestazabal-3\/\">\n\t\t\t\t<div class=\"elementor-portfolio-item__img elementor-post__thumbnail\">\n\t\t\t<img loading=\"lazy\" decoding=\"async\" width=\"768\" height=\"1116\" src=\"https:\/\/ateca.cl\/wp-content\/uploads\/2022\/11\/ATECA_07_04_02-768x1116.jpg\" class=\"attachment-medium_large size-medium_large wp-image-4987\" alt=\"\" srcset=\"https:\/\/ateca.cl\/wp-content\/uploads\/2022\/11\/ATECA_07_04_02-768x1116.jpg 768w, https:\/\/ateca.cl\/wp-content\/uploads\/2022\/11\/ATECA_07_04_02-207x300.jpg 207w, https:\/\/ateca.cl\/wp-content\/uploads\/2022\/11\/ATECA_07_04_02-705x1024.jpg 705w, https:\/\/ateca.cl\/wp-content\/uploads\/2022\/11\/ATECA_07_04_02-1057x1536.jpg 1057w, https:\/\/ateca.cl\/wp-content\/uploads\/2022\/11\/ATECA_07_04_02.jpg 1142w\" sizes=\"auto, (max-width: 768px) 100vw, 768px\" \/>\t\t<\/div>\n\t\t\t\t<div class=\"elementor-portfolio-item__overlay\">\n\t\t\t\t<h3 class=\"elementor-portfolio-item__title\">\n\t\tFotograf\u00eda de El arrestazabal\t\t<\/h3>\n\t\t\t\t<\/div>\n\t\t\t\t<\/a>\n\t\t<\/article>\n\t\t\t\t<\/div>\n\t\t\t\t<\/div>\n\t\t\t\t<\/div>\n\t\t\t\t\t<\/div>\n\t\t<\/div>\n\t\t\t\t\t\t\t<\/div>\n\t\t<\/section>\n\t\t\t\t\t\t\t<\/div>\n\t\t","protected":false},"excerpt":{"rendered":"<p>Teatristas: Juan Manuel S\u00e1nchez, Ana Mar\u00eda Montan\u00e9 Registros fotogr\u00e1ficos<\/p>\n","protected":false},"author":1,"featured_media":4972,"parent":56,"menu_order":0,"comment_status":"closed","ping_status":"closed","template":"elementor_header_footer","meta":{"_acf_changed":false,"footnotes":""},"categories":[46],"tags":[],"ciudad":[54],"obra":[],"ano":[],"credito":[],"procedencia":[],"codigo":[],"escenario":[],"class_list":["post-4232","page","type-page","status-publish","has-post-thumbnail","hentry","category-teatro-de-la-calle","ciudad-santiago"],"acf":[],"_links":{"self":[{"href":"https:\/\/ateca.cl\/index.php\/wp-json\/wp\/v2\/pages\/4232","targetHints":{"allow":["GET"]}}],"collection":[{"href":"https:\/\/ateca.cl\/index.php\/wp-json\/wp\/v2\/pages"}],"about":[{"href":"https:\/\/ateca.cl\/index.php\/wp-json\/wp\/v2\/types\/page"}],"author":[{"embeddable":true,"href":"https:\/\/ateca.cl\/index.php\/wp-json\/wp\/v2\/users\/1"}],"replies":[{"embeddable":true,"href":"https:\/\/ateca.cl\/index.php\/wp-json\/wp\/v2\/comments?post=4232"}],"version-history":[{"count":9,"href":"https:\/\/ateca.cl\/index.php\/wp-json\/wp\/v2\/pages\/4232\/revisions"}],"predecessor-version":[{"id":5362,"href":"https:\/\/ateca.cl\/index.php\/wp-json\/wp\/v2\/pages\/4232\/revisions\/5362"}],"up":[{"embeddable":true,"href":"https:\/\/ateca.cl\/index.php\/wp-json\/wp\/v2\/pages\/56"}],"wp:featuredmedia":[{"embeddable":true,"href":"https:\/\/ateca.cl\/index.php\/wp-json\/wp\/v2\/media\/4972"}],"wp:attachment":[{"href":"https:\/\/ateca.cl\/index.php\/wp-json\/wp\/v2\/media?parent=4232"}],"wp:term":[{"taxonomy":"category","embeddable":true,"href":"https:\/\/ateca.cl\/index.php\/wp-json\/wp\/v2\/categories?post=4232"},{"taxonomy":"post_tag","embeddable":true,"href":"https:\/\/ateca.cl\/index.php\/wp-json\/wp\/v2\/tags?post=4232"},{"taxonomy":"ciudad","embeddable":true,"href":"https:\/\/ateca.cl\/index.php\/wp-json\/wp\/v2\/ciudad?post=4232"},{"taxonomy":"obra","embeddable":true,"href":"https:\/\/ateca.cl\/index.php\/wp-json\/wp\/v2\/obra?post=4232"},{"taxonomy":"ano","embeddable":true,"href":"https:\/\/ateca.cl\/index.php\/wp-json\/wp\/v2\/ano?post=4232"},{"taxonomy":"credito","embeddable":true,"href":"https:\/\/ateca.cl\/index.php\/wp-json\/wp\/v2\/credito?post=4232"},{"taxonomy":"procedencia","embeddable":true,"href":"https:\/\/ateca.cl\/index.php\/wp-json\/wp\/v2\/procedencia?post=4232"},{"taxonomy":"codigo","embeddable":true,"href":"https:\/\/ateca.cl\/index.php\/wp-json\/wp\/v2\/codigo?post=4232"},{"taxonomy":"escenario","embeddable":true,"href":"https:\/\/ateca.cl\/index.php\/wp-json\/wp\/v2\/escenario?post=4232"}],"curies":[{"name":"wp","href":"https:\/\/api.w.org\/{rel}","templated":true}]}}

<div data-elementor-type="wp-page" data-elementor-id="4232" class="elementor elementor-4232">
									<section class="elementor-section elementor-top-section elementor-element elementor-element-6faabb25 elementor-section-full_width elementor-section-height-default elementor-section-height-default" data-id="6faabb25" data-element_type="section">
						<div class="elementor-container elementor-column-gap-default">
					<div class="elementor-column elementor-col-100 elementor-top-column elementor-element elementor-element-eeccd20" data-id="eeccd20" data-element_type="column">
			<div class="elementor-widget-wrap">
									</div>
		</div>
							</div>
		</section>
				<section class="elementor-section elementor-top-section elementor-element elementor-element-5b9b15c6 elementor-section-boxed elementor-section-height-default elementor-section-height-default" data-id="5b9b15c6" data-element_type="section">
						<div class="elementor-container elementor-column-gap-default">
					<div class="elementor-column elementor-col-50 elementor-top-column elementor-element elementor-element-38179485" data-id="38179485" data-element_type="column">
			<div class="elementor-widget-wrap elementor-element-populated">
								<div class="elementor-element elementor-element-42fa0e54 elementor-widget elementor-widget-theme-post-title elementor-page-title elementor-widget-heading" data-id="42fa0e54" data-element_type="widget" data-widget_type="theme-post-title.default">
				<div class="elementor-widget-container">
			<style>/*! elementor - v3.10.1 - 17-01-2023 */
.elementor-heading-title{padding:0;margin:0;line-height:1}.elementor-widget-heading .elementor-heading-title[class*=elementor-size-]>a{color:inherit;font-size:inherit;line-height:inherit}.elementor-widget-heading .elementor-heading-title.elementor-size-small{font-size:15px}.elementor-widget-heading .elementor-heading-title.elementor-size-medium{font-size:19px}.elementor-widget-heading .elementor-heading-title.elementor-size-large{font-size:29px}.elementor-widget-heading .elementor-heading-title.elementor-size-xl{font-size:39px}.elementor-widget-heading .elementor-heading-title.elementor-size-xxl{font-size:59px}</style><h1 class="elementor-heading-title elementor-size-default">El arrestazabal</h1>		</div>
				</div>
				<div class="elementor-element elementor-element-31b538cc elementor-widget elementor-widget-text-editor" data-id="31b538cc" data-element_type="widget" data-widget_type="text-editor.default">
				<div class="elementor-widget-container">
			<style>/*! elementor - v3.10.1 - 17-01-2023 */
.elementor-widget-text-editor.elementor-drop-cap-view-stacked .elementor-drop-cap{background-color:#818a91;color:#fff}.elementor-widget-text-editor.elementor-drop-cap-view-framed .elementor-drop-cap{color:#818a91;border:3px solid;background-color:transparent}.elementor-widget-text-editor:not(.elementor-drop-cap-view-default) .elementor-drop-cap{margin-top:8px}.elementor-widget-text-editor:not(.elementor-drop-cap-view-default) .elementor-drop-cap-letter{width:1em;height:1em}.elementor-widget-text-editor .elementor-drop-cap{float:left;text-align:center;line-height:1;font-size:50px}.elementor-widget-text-editor .elementor-drop-cap-letter{display:inline-block}</style>				<p><strong>Teatristas:</strong> Juan Manuel Sánchez, Ana María Montané</p>						</div>
				</div>
					</div>
		</div>
				<div class="elementor-column elementor-col-50 elementor-top-column elementor-element elementor-element-7b068c84" data-id="7b068c84" data-element_type="column">
			<div class="elementor-widget-wrap">
									</div>
		</div>
							</div>
		</section>
				<section class="elementor-section elementor-top-section elementor-element elementor-element-34a7cc76 elementor-section-boxed elementor-section-height-default elementor-section-height-default" data-id="34a7cc76" data-element_type="section">
						<div class="elementor-container elementor-column-gap-default">
					<div class="elementor-column elementor-col-100 elementor-top-column elementor-element elementor-element-19c4480e" data-id="19c4480e" data-element_type="column">
			<div class="elementor-widget-wrap elementor-element-populated">
								<div class="elementor-element elementor-element-1c5a972b elementor-widget elementor-widget-heading" data-id="1c5a972b" data-element_type="widget" data-widget_type="heading.default">
				<div class="elementor-widget-container">
			<h2 class="elementor-heading-title elementor-size-default">Registros fotográficos</h2>		</div>
				</div>
				<div class="elementor-element elementor-element-7b273eeb elementor-grid-3 elementor-grid-tablet-2 elementor-grid-mobile-1 elementor-widget elementor-widget-portfolio" data-id="7b273eeb" data-element_type="widget" data-settings="{&quot;row_gap&quot;:{&quot;unit&quot;:&quot;px&quot;,&quot;size&quot;:10,&quot;sizes&quot;:[]},&quot;columns&quot;:&quot;3&quot;,&quot;columns_tablet&quot;:&quot;2&quot;,&quot;columns_mobile&quot;:&quot;1&quot;,&quot;item_ratio&quot;:{&quot;unit&quot;:&quot;px&quot;,&quot;size&quot;:0.66,&quot;sizes&quot;:[]},&quot;item_gap&quot;:{&quot;unit&quot;:&quot;px&quot;,&quot;size&quot;:&quot;&quot;,&quot;sizes&quot;:[]}}" data-widget_type="portfolio.default">
				<div class="elementor-widget-container">
			<link rel="stylesheet" href="https://ateca.cl/wp-content/plugins/elementor-pro/assets/css/widget-posts.min.css">		<div class="elementor-portfolio elementor-grid elementor-posts-container">
				<article class="elementor-portfolio-item elementor-post  post-4953 post type-post status-publish format-standard has-post-thumbnail hentry category-teatro-de-la-calle ciudad-santiago obra-el-arrestazabal procedencia-ana-maria-montane escenario-huerfanos">
			<a class="elementor-post__thumbnail__link" href="https://ateca.cl/index.php/2022/11/15/fotografia-de-el-arrestazabal/">
				<div class="elementor-portfolio-item__img elementor-post__thumbnail">
			<img loading="lazy" decoding="async" width="768" height="689" src="https://ateca.cl/wp-content/uploads/2022/11/ATECA_07_04_01-768x689.jpg" class="attachment-medium_large size-medium_large wp-image-4961" alt="" srcset="https://ateca.cl/wp-content/uploads/2022/11/ATECA_07_04_01-768x689.jpg 768w, https://ateca.cl/wp-content/uploads/2022/11/ATECA_07_04_01-300x269.jpg 300w, https://ateca.cl/wp-content/uploads/2022/11/ATECA_07_04_01-1024x919.jpg 1024w, https://ateca.cl/wp-content/uploads/2022/11/ATECA_07_04_01.jpg 1242w" sizes="auto, (max-width: 768px) 100vw, 768px" />		</div>
				<div class="elementor-portfolio-item__overlay">
				<h3 class="elementor-portfolio-item__title">
		Fotografía de El arrestazabal		</h3>
				</div>
				</a>
		</article>
				<article class="elementor-portfolio-item elementor-post  post-4969 post type-post status-publish format-standard has-post-thumbnail hentry category-teatro-de-la-calle ciudad-santiago obra-el-arrestazabal procedencia-ana-maria-montane escenario-huerfanos">
			<a class="elementor-post__thumbnail__link" href="https://ateca.cl/index.php/2022/11/15/fotografia-de-el-arrestazabal-2/">
				<div class="elementor-portfolio-item__img elementor-post__thumbnail">
			<img loading="lazy" decoding="async" width="768" height="1179" src="https://ateca.cl/wp-content/uploads/2022/11/ATECA_07_04_03-768x1179.jpg" class="attachment-medium_large size-medium_large wp-image-4972" alt="" srcset="https://ateca.cl/wp-content/uploads/2022/11/ATECA_07_04_03-768x1179.jpg 768w, https://ateca.cl/wp-content/uploads/2022/11/ATECA_07_04_03-195x300.jpg 195w, https://ateca.cl/wp-content/uploads/2022/11/ATECA_07_04_03-667x1024.jpg 667w, https://ateca.cl/wp-content/uploads/2022/11/ATECA_07_04_03-1001x1536.jpg 1001w, https://ateca.cl/wp-content/uploads/2022/11/ATECA_07_04_03.jpg 1282w" sizes="auto, (max-width: 768px) 100vw, 768px" />		</div>
				<div class="elementor-portfolio-item__overlay">
				<h3 class="elementor-portfolio-item__title">
		Fotografía de El arrestazabal		</h3>
				</div>
				</a>
		</article>
				<article class="elementor-portfolio-item elementor-post  post-4986 post type-post status-publish format-standard has-post-thumbnail hentry category-teatro-de-la-calle ciudad-santiago obra-el-arrestazabal procedencia-ana-maria-montane escenario-huerfanos">
			<a class="elementor-post__thumbnail__link" href="https://ateca.cl/index.php/2022/11/15/fotografia-de-el-arrestazabal-3/">
				<div class="elementor-portfolio-item__img elementor-post__thumbnail">
			<img loading="lazy" decoding="async" width="768" height="1116" src="https://ateca.cl/wp-content/uploads/2022/11/ATECA_07_04_02-768x1116.jpg" class="attachment-medium_large size-medium_large wp-image-4987" alt="" srcset="https://ateca.cl/wp-content/uploads/2022/11/ATECA_07_04_02-768x1116.jpg 768w, https://ateca.cl/wp-content/uploads/2022/11/ATECA_07_04_02-207x300.jpg 207w, https://ateca.cl/wp-content/uploads/2022/11/ATECA_07_04_02-705x1024.jpg 705w, https://ateca.cl/wp-content/uploads/2022/11/ATECA_07_04_02-1057x1536.jpg 1057w, https://ateca.cl/wp-content/uploads/2022/11/ATECA_07_04_02.jpg 1142w" sizes="auto, (max-width: 768px) 100vw, 768px" />		</div>
				<div class="elementor-portfolio-item__overlay">
				<h3 class="elementor-portfolio-item__title">
		Fotografía de El arrestazabal		</h3>
				</div>
				</a>
		</article>
				</div>
				</div>
				</div>
					</div>
		</div>
							</div>
		</section>
							</div>

<p>Teatristas: Juan Manuel Sánchez, Ana María Montané Registros fotográficos</p>
