{"id":4257,"date":"2022-11-03T23:36:30","date_gmt":"2022-11-03T23:36:30","guid":{"rendered":"https:\/\/ateca.cl\/?page_id=4257"},"modified":"2022-11-15T02:35:03","modified_gmt":"2022-11-15T02:35:03","slug":"rey-de-espadas","status":"publish","type":"page","link":"https:\/\/ateca.cl\/index.php\/companias\/sin-compania-2\/rey-de-espadas\/","title":{"rendered":"Rey de espadas"},"content":{"rendered":"\t\t<div data-elementor-type=\"wp-page\" data-elementor-id=\"4257\" class=\"elementor elementor-4257\">\n\t\t\t\t\t\t\t\t\t<section class=\"elementor-section elementor-top-section elementor-element elementor-element-443c2189 elementor-section-full_width elementor-section-height-default elementor-section-height-default\" data-id=\"443c2189\" data-element_type=\"section\">\n\t\t\t\t\t\t<div class=\"elementor-container elementor-column-gap-default\">\n\t\t\t\t\t<div class=\"elementor-column elementor-col-100 elementor-top-column elementor-element elementor-element-638ff336\" data-id=\"638ff336\" data-element_type=\"column\">\n\t\t\t<div class=\"elementor-widget-wrap\">\n\t\t\t\t\t\t\t\t\t<\/div>\n\t\t<\/div>\n\t\t\t\t\t\t\t<\/div>\n\t\t<\/section>\n\t\t\t\t<section class=\"elementor-section elementor-top-section elementor-element elementor-element-af1e55c elementor-section-boxed elementor-section-height-default elementor-section-height-default\" data-id=\"af1e55c\" data-element_type=\"section\">\n\t\t\t\t\t\t<div class=\"elementor-container elementor-column-gap-default\">\n\t\t\t\t\t<div class=\"elementor-column elementor-col-50 elementor-top-column elementor-element elementor-element-55723fff\" data-id=\"55723fff\" data-element_type=\"column\">\n\t\t\t<div class=\"elementor-widget-wrap elementor-element-populated\">\n\t\t\t\t\t\t\t\t<div class=\"elementor-element elementor-element-6e0c29e4 elementor-widget elementor-widget-theme-post-title elementor-page-title elementor-widget-heading\" data-id=\"6e0c29e4\" data-element_type=\"widget\" data-widget_type=\"theme-post-title.default\">\n\t\t\t\t<div class=\"elementor-widget-container\">\n\t\t\t<style>\/*! elementor - v3.10.1 - 17-01-2023 *\/\n.elementor-heading-title{padding:0;margin:0;line-height:1}.elementor-widget-heading .elementor-heading-title[class*=elementor-size-]>a{color:inherit;font-size:inherit;line-height:inherit}.elementor-widget-heading .elementor-heading-title.elementor-size-small{font-size:15px}.elementor-widget-heading .elementor-heading-title.elementor-size-medium{font-size:19px}.elementor-widget-heading .elementor-heading-title.elementor-size-large{font-size:29px}.elementor-widget-heading .elementor-heading-title.elementor-size-xl{font-size:39px}.elementor-widget-heading .elementor-heading-title.elementor-size-xxl{font-size:59px}<\/style><h1 class=\"elementor-heading-title elementor-size-default\">Rey de espadas<\/h1>\t\t<\/div>\n\t\t\t\t<\/div>\n\t\t\t\t<div class=\"elementor-element elementor-element-546cc941 elementor-widget elementor-widget-text-editor\" data-id=\"546cc941\" data-element_type=\"widget\" data-widget_type=\"text-editor.default\">\n\t\t\t\t<div class=\"elementor-widget-container\">\n\t\t\t<style>\/*! elementor - v3.10.1 - 17-01-2023 *\/\n.elementor-widget-text-editor.elementor-drop-cap-view-stacked .elementor-drop-cap{background-color:#818a91;color:#fff}.elementor-widget-text-editor.elementor-drop-cap-view-framed .elementor-drop-cap{color:#818a91;border:3px solid;background-color:transparent}.elementor-widget-text-editor:not(.elementor-drop-cap-view-default) .elementor-drop-cap{margin-top:8px}.elementor-widget-text-editor:not(.elementor-drop-cap-view-default) .elementor-drop-cap-letter{width:1em;height:1em}.elementor-widget-text-editor .elementor-drop-cap{float:left;text-align:center;line-height:1;font-size:50px}.elementor-widget-text-editor .elementor-drop-cap-letter{display:inline-block}<\/style>\t\t\t\t<p><strong>Director:<\/strong> Rodrigo Guij\u00f3n<\/p><p><strong>Teatristas:<\/strong> Yani N\u00fa\u00f1ez, Paolo Coonte, Marcelo S\u00e1nchez, Rodrigo Guij\u00f3n. Luis Yovert, Renzo Brice\u00f1o<\/p>\t\t\t\t\t\t<\/div>\n\t\t\t\t<\/div>\n\t\t\t\t\t<\/div>\n\t\t<\/div>\n\t\t\t\t<div class=\"elementor-column elementor-col-50 elementor-top-column elementor-element elementor-element-9f70c34\" data-id=\"9f70c34\" data-element_type=\"column\">\n\t\t\t<div class=\"elementor-widget-wrap\">\n\t\t\t\t\t\t\t\t\t<\/div>\n\t\t<\/div>\n\t\t\t\t\t\t\t<\/div>\n\t\t<\/section>\n\t\t\t\t<section class=\"elementor-section elementor-top-section elementor-element elementor-element-248921b5 elementor-section-boxed elementor-section-height-default elementor-section-height-default\" data-id=\"248921b5\" data-element_type=\"section\">\n\t\t\t\t\t\t<div class=\"elementor-container elementor-column-gap-default\">\n\t\t\t\t\t<div class=\"elementor-column elementor-col-100 elementor-top-column elementor-element elementor-element-2811f2f8\" data-id=\"2811f2f8\" data-element_type=\"column\">\n\t\t\t<div class=\"elementor-widget-wrap elementor-element-populated\">\n\t\t\t\t\t\t\t\t<div class=\"elementor-element elementor-element-25e4daf elementor-widget elementor-widget-heading\" data-id=\"25e4daf\" data-element_type=\"widget\" data-widget_type=\"heading.default\">\n\t\t\t\t<div class=\"elementor-widget-container\">\n\t\t\t<h2 class=\"elementor-heading-title elementor-size-default\">Registros fotogr\u00e1ficos<\/h2>\t\t<\/div>\n\t\t\t\t<\/div>\n\t\t\t\t<div class=\"elementor-element elementor-element-47ad9f1c elementor-grid-3 elementor-grid-tablet-2 elementor-grid-mobile-1 elementor-widget elementor-widget-portfolio\" data-id=\"47ad9f1c\" data-element_type=\"widget\" data-settings=\"{&quot;row_gap&quot;:{&quot;unit&quot;:&quot;px&quot;,&quot;size&quot;:10,&quot;sizes&quot;:[]},&quot;columns&quot;:&quot;3&quot;,&quot;columns_tablet&quot;:&quot;2&quot;,&quot;columns_mobile&quot;:&quot;1&quot;,&quot;item_ratio&quot;:{&quot;unit&quot;:&quot;px&quot;,&quot;size&quot;:0.66,&quot;sizes&quot;:[]},&quot;item_gap&quot;:{&quot;unit&quot;:&quot;px&quot;,&quot;size&quot;:&quot;&quot;,&quot;sizes&quot;:[]}}\" data-widget_type=\"portfolio.default\">\n\t\t\t\t<div class=\"elementor-widget-container\">\n\t\t\t<link rel=\"stylesheet\" href=\"https:\/\/ateca.cl\/wp-content\/plugins\/elementor-pro\/assets\/css\/widget-posts.min.css\">\t\t<div class=\"elementor-portfolio elementor-grid elementor-posts-container\">\n\t\t\t\t<article class=\"elementor-portfolio-item elementor-post  post-5104 post type-post status-publish format-standard has-post-thumbnail hentry category-sin-compania obra-rey-de-espadas ano-127 procedencia-renzo-briceno\">\n\t\t\t<a class=\"elementor-post__thumbnail__link\" href=\"https:\/\/ateca.cl\/index.php\/2022\/11\/15\/fotografia-de-rey-de-espadas-2\/\">\n\t\t\t\t<div class=\"elementor-portfolio-item__img elementor-post__thumbnail\">\n\t\t\t<img loading=\"lazy\" decoding=\"async\" width=\"257\" height=\"323\" src=\"https:\/\/ateca.cl\/wp-content\/uploads\/2022\/11\/ATECA_12_01_02.jpg\" class=\"attachment-medium_large size-medium_large wp-image-5108\" alt=\"\" srcset=\"https:\/\/ateca.cl\/wp-content\/uploads\/2022\/11\/ATECA_12_01_02.jpg 257w, https:\/\/ateca.cl\/wp-content\/uploads\/2022\/11\/ATECA_12_01_02-239x300.jpg 239w\" sizes=\"auto, (max-width: 257px) 100vw, 257px\" \/>\t\t<\/div>\n\t\t\t\t<div class=\"elementor-portfolio-item__overlay\">\n\t\t\t\t<h3 class=\"elementor-portfolio-item__title\">\n\t\tFotograf\u00eda de Rey de espadas\t\t<\/h3>\n\t\t\t\t<\/div>\n\t\t\t\t<\/a>\n\t\t<\/article>\n\t\t\t\t<article class=\"elementor-portfolio-item elementor-post  post-5098 post type-post status-publish format-standard has-post-thumbnail hentry category-sin-compania obra-rey-de-espadas ano-127 procedencia-renzo-briceno\">\n\t\t\t<a class=\"elementor-post__thumbnail__link\" href=\"https:\/\/ateca.cl\/index.php\/2022\/11\/15\/fotografia-de-rey-de-espadas\/\">\n\t\t\t\t<div class=\"elementor-portfolio-item__img elementor-post__thumbnail\">\n\t\t\t<img loading=\"lazy\" decoding=\"async\" width=\"768\" height=\"613\" src=\"https:\/\/ateca.cl\/wp-content\/uploads\/2022\/11\/ATECA_12_01_01-1-768x613.jpg\" class=\"attachment-medium_large size-medium_large wp-image-5101\" alt=\"\" srcset=\"https:\/\/ateca.cl\/wp-content\/uploads\/2022\/11\/ATECA_12_01_01-1-768x613.jpg 768w, https:\/\/ateca.cl\/wp-content\/uploads\/2022\/11\/ATECA_12_01_01-1-300x240.jpg 300w, https:\/\/ateca.cl\/wp-content\/uploads\/2022\/11\/ATECA_12_01_01-1-1024x818.jpg 1024w, https:\/\/ateca.cl\/wp-content\/uploads\/2022\/11\/ATECA_12_01_01-1.jpg 1078w\" sizes=\"auto, (max-width: 768px) 100vw, 768px\" \/>\t\t<\/div>\n\t\t\t\t<div class=\"elementor-portfolio-item__overlay\">\n\t\t\t\t<h3 class=\"elementor-portfolio-item__title\">\n\t\tFotograf\u00eda de Rey de espadas\t\t<\/h3>\n\t\t\t\t<\/div>\n\t\t\t\t<\/a>\n\t\t<\/article>\n\t\t\t\t<article class=\"elementor-portfolio-item elementor-post  post-5113 post type-post status-publish format-standard has-post-thumbnail hentry category-sin-compania obra-rey-de-espadas ano-127 procedencia-renzo-briceno\">\n\t\t\t<a class=\"elementor-post__thumbnail__link\" href=\"https:\/\/ateca.cl\/index.php\/2022\/11\/15\/fotografia-de-rey-de-espadas-de-prensa\/\">\n\t\t\t\t<div class=\"elementor-portfolio-item__img elementor-post__thumbnail\">\n\t\t\t<img loading=\"lazy\" decoding=\"async\" width=\"470\" height=\"630\" src=\"https:\/\/ateca.cl\/wp-content\/uploads\/2022\/11\/ATECA_12_01_03.jpg\" class=\"attachment-medium_large size-medium_large wp-image-5114\" alt=\"\" srcset=\"https:\/\/ateca.cl\/wp-content\/uploads\/2022\/11\/ATECA_12_01_03.jpg 470w, https:\/\/ateca.cl\/wp-content\/uploads\/2022\/11\/ATECA_12_01_03-224x300.jpg 224w\" sizes=\"auto, (max-width: 470px) 100vw, 470px\" \/>\t\t<\/div>\n\t\t\t\t<div class=\"elementor-portfolio-item__overlay\">\n\t\t\t\t<h3 class=\"elementor-portfolio-item__title\">\n\t\tFotograf\u00eda de Rey de espadas de prensa\t\t<\/h3>\n\t\t\t\t<\/div>\n\t\t\t\t<\/a>\n\t\t<\/article>\n\t\t\t\t<\/div>\n\t\t\t\t<\/div>\n\t\t\t\t<\/div>\n\t\t\t\t\t<\/div>\n\t\t<\/div>\n\t\t\t\t\t\t\t<\/div>\n\t\t<\/section>\n\t\t\t\t\t\t\t<\/div>\n\t\t","protected":false},"excerpt":{"rendered":"<p>Director: Rodrigo Guij\u00f3n Teatristas: Yani N\u00fa\u00f1ez, Paolo Coonte, Marcelo S\u00e1nchez, Rodrigo Guij\u00f3n. Luis Yovert, Renzo Brice\u00f1o Registros fotogr\u00e1ficos<\/p>\n","protected":false},"author":1,"featured_media":4279,"parent":4264,"menu_order":0,"comment_status":"closed","ping_status":"closed","template":"elementor_header_footer","meta":{"_acf_changed":false,"footnotes":""},"categories":[51],"tags":[],"ciudad":[],"obra":[285],"ano":[127],"credito":[],"procedencia":[],"codigo":[],"escenario":[],"class_list":["post-4257","page","type-page","status-publish","has-post-thumbnail","hentry","category-sin-compania","obra-rey-de-espadas","ano-127"],"acf":[],"_links":{"self":[{"href":"https:\/\/ateca.cl\/index.php\/wp-json\/wp\/v2\/pages\/4257","targetHints":{"allow":["GET"]}}],"collection":[{"href":"https:\/\/ateca.cl\/index.php\/wp-json\/wp\/v2\/pages"}],"about":[{"href":"https:\/\/ateca.cl\/index.php\/wp-json\/wp\/v2\/types\/page"}],"author":[{"embeddable":true,"href":"https:\/\/ateca.cl\/index.php\/wp-json\/wp\/v2\/users\/1"}],"replies":[{"embeddable":true,"href":"https:\/\/ateca.cl\/index.php\/wp-json\/wp\/v2\/comments?post=4257"}],"version-history":[{"count":10,"href":"https:\/\/ateca.cl\/index.php\/wp-json\/wp\/v2\/pages\/4257\/revisions"}],"predecessor-version":[{"id":5112,"href":"https:\/\/ateca.cl\/index.php\/wp-json\/wp\/v2\/pages\/4257\/revisions\/5112"}],"up":[{"embeddable":true,"href":"https:\/\/ateca.cl\/index.php\/wp-json\/wp\/v2\/pages\/4264"}],"wp:featuredmedia":[{"embeddable":true,"href":"https:\/\/ateca.cl\/index.php\/wp-json\/wp\/v2\/media\/4279"}],"wp:attachment":[{"href":"https:\/\/ateca.cl\/index.php\/wp-json\/wp\/v2\/media?parent=4257"}],"wp:term":[{"taxonomy":"category","embeddable":true,"href":"https:\/\/ateca.cl\/index.php\/wp-json\/wp\/v2\/categories?post=4257"},{"taxonomy":"post_tag","embeddable":true,"href":"https:\/\/ateca.cl\/index.php\/wp-json\/wp\/v2\/tags?post=4257"},{"taxonomy":"ciudad","embeddable":true,"href":"https:\/\/ateca.cl\/index.php\/wp-json\/wp\/v2\/ciudad?post=4257"},{"taxonomy":"obra","embeddable":true,"href":"https:\/\/ateca.cl\/index.php\/wp-json\/wp\/v2\/obra?post=4257"},{"taxonomy":"ano","embeddable":true,"href":"https:\/\/ateca.cl\/index.php\/wp-json\/wp\/v2\/ano?post=4257"},{"taxonomy":"credito","embeddable":true,"href":"https:\/\/ateca.cl\/index.php\/wp-json\/wp\/v2\/credito?post=4257"},{"taxonomy":"procedencia","embeddable":true,"href":"https:\/\/ateca.cl\/index.php\/wp-json\/wp\/v2\/procedencia?post=4257"},{"taxonomy":"codigo","embeddable":true,"href":"https:\/\/ateca.cl\/index.php\/wp-json\/wp\/v2\/codigo?post=4257"},{"taxonomy":"escenario","embeddable":true,"href":"https:\/\/ateca.cl\/index.php\/wp-json\/wp\/v2\/escenario?post=4257"}],"curies":[{"name":"wp","href":"https:\/\/api.w.org\/{rel}","templated":true}]}}

<div data-elementor-type="wp-page" data-elementor-id="4257" class="elementor elementor-4257">
									<section class="elementor-section elementor-top-section elementor-element elementor-element-443c2189 elementor-section-full_width elementor-section-height-default elementor-section-height-default" data-id="443c2189" data-element_type="section">
						<div class="elementor-container elementor-column-gap-default">
					<div class="elementor-column elementor-col-100 elementor-top-column elementor-element elementor-element-638ff336" data-id="638ff336" data-element_type="column">
			<div class="elementor-widget-wrap">
									</div>
		</div>
							</div>
		</section>
				<section class="elementor-section elementor-top-section elementor-element elementor-element-af1e55c elementor-section-boxed elementor-section-height-default elementor-section-height-default" data-id="af1e55c" data-element_type="section">
						<div class="elementor-container elementor-column-gap-default">
					<div class="elementor-column elementor-col-50 elementor-top-column elementor-element elementor-element-55723fff" data-id="55723fff" data-element_type="column">
			<div class="elementor-widget-wrap elementor-element-populated">
								<div class="elementor-element elementor-element-6e0c29e4 elementor-widget elementor-widget-theme-post-title elementor-page-title elementor-widget-heading" data-id="6e0c29e4" data-element_type="widget" data-widget_type="theme-post-title.default">
				<div class="elementor-widget-container">
			<style>/*! elementor - v3.10.1 - 17-01-2023 */
.elementor-heading-title{padding:0;margin:0;line-height:1}.elementor-widget-heading .elementor-heading-title[class*=elementor-size-]>a{color:inherit;font-size:inherit;line-height:inherit}.elementor-widget-heading .elementor-heading-title.elementor-size-small{font-size:15px}.elementor-widget-heading .elementor-heading-title.elementor-size-medium{font-size:19px}.elementor-widget-heading .elementor-heading-title.elementor-size-large{font-size:29px}.elementor-widget-heading .elementor-heading-title.elementor-size-xl{font-size:39px}.elementor-widget-heading .elementor-heading-title.elementor-size-xxl{font-size:59px}</style><h1 class="elementor-heading-title elementor-size-default">Rey de espadas</h1>		</div>
				</div>
				<div class="elementor-element elementor-element-546cc941 elementor-widget elementor-widget-text-editor" data-id="546cc941" data-element_type="widget" data-widget_type="text-editor.default">
				<div class="elementor-widget-container">
			<style>/*! elementor - v3.10.1 - 17-01-2023 */
.elementor-widget-text-editor.elementor-drop-cap-view-stacked .elementor-drop-cap{background-color:#818a91;color:#fff}.elementor-widget-text-editor.elementor-drop-cap-view-framed .elementor-drop-cap{color:#818a91;border:3px solid;background-color:transparent}.elementor-widget-text-editor:not(.elementor-drop-cap-view-default) .elementor-drop-cap{margin-top:8px}.elementor-widget-text-editor:not(.elementor-drop-cap-view-default) .elementor-drop-cap-letter{width:1em;height:1em}.elementor-widget-text-editor .elementor-drop-cap{float:left;text-align:center;line-height:1;font-size:50px}.elementor-widget-text-editor .elementor-drop-cap-letter{display:inline-block}</style>				<p><strong>Director:</strong> Rodrigo Guijón</p><p><strong>Teatristas:</strong> Yani Núñez, Paolo Coonte, Marcelo Sánchez, Rodrigo Guijón. Luis Yovert, Renzo Briceño</p>						</div>
				</div>
					</div>
		</div>
				<div class="elementor-column elementor-col-50 elementor-top-column elementor-element elementor-element-9f70c34" data-id="9f70c34" data-element_type="column">
			<div class="elementor-widget-wrap">
									</div>
		</div>
							</div>
		</section>
				<section class="elementor-section elementor-top-section elementor-element elementor-element-248921b5 elementor-section-boxed elementor-section-height-default elementor-section-height-default" data-id="248921b5" data-element_type="section">
						<div class="elementor-container elementor-column-gap-default">
					<div class="elementor-column elementor-col-100 elementor-top-column elementor-element elementor-element-2811f2f8" data-id="2811f2f8" data-element_type="column">
			<div class="elementor-widget-wrap elementor-element-populated">
								<div class="elementor-element elementor-element-25e4daf elementor-widget elementor-widget-heading" data-id="25e4daf" data-element_type="widget" data-widget_type="heading.default">
				<div class="elementor-widget-container">
			<h2 class="elementor-heading-title elementor-size-default">Registros fotográficos</h2>		</div>
				</div>
				<div class="elementor-element elementor-element-47ad9f1c elementor-grid-3 elementor-grid-tablet-2 elementor-grid-mobile-1 elementor-widget elementor-widget-portfolio" data-id="47ad9f1c" data-element_type="widget" data-settings="{&quot;row_gap&quot;:{&quot;unit&quot;:&quot;px&quot;,&quot;size&quot;:10,&quot;sizes&quot;:[]},&quot;columns&quot;:&quot;3&quot;,&quot;columns_tablet&quot;:&quot;2&quot;,&quot;columns_mobile&quot;:&quot;1&quot;,&quot;item_ratio&quot;:{&quot;unit&quot;:&quot;px&quot;,&quot;size&quot;:0.66,&quot;sizes&quot;:[]},&quot;item_gap&quot;:{&quot;unit&quot;:&quot;px&quot;,&quot;size&quot;:&quot;&quot;,&quot;sizes&quot;:[]}}" data-widget_type="portfolio.default">
				<div class="elementor-widget-container">
			<link rel="stylesheet" href="https://ateca.cl/wp-content/plugins/elementor-pro/assets/css/widget-posts.min.css">		<div class="elementor-portfolio elementor-grid elementor-posts-container">
				<article class="elementor-portfolio-item elementor-post  post-5104 post type-post status-publish format-standard has-post-thumbnail hentry category-sin-compania obra-rey-de-espadas ano-127 procedencia-renzo-briceno">
			<a class="elementor-post__thumbnail__link" href="https://ateca.cl/index.php/2022/11/15/fotografia-de-rey-de-espadas-2/">
				<div class="elementor-portfolio-item__img elementor-post__thumbnail">
			<img loading="lazy" decoding="async" width="257" height="323" src="https://ateca.cl/wp-content/uploads/2022/11/ATECA_12_01_02.jpg" class="attachment-medium_large size-medium_large wp-image-5108" alt="" srcset="https://ateca.cl/wp-content/uploads/2022/11/ATECA_12_01_02.jpg 257w, https://ateca.cl/wp-content/uploads/2022/11/ATECA_12_01_02-239x300.jpg 239w" sizes="auto, (max-width: 257px) 100vw, 257px" />		</div>
				<div class="elementor-portfolio-item__overlay">
				<h3 class="elementor-portfolio-item__title">
		Fotografía de Rey de espadas		</h3>
				</div>
				</a>
		</article>
				<article class="elementor-portfolio-item elementor-post  post-5098 post type-post status-publish format-standard has-post-thumbnail hentry category-sin-compania obra-rey-de-espadas ano-127 procedencia-renzo-briceno">
			<a class="elementor-post__thumbnail__link" href="https://ateca.cl/index.php/2022/11/15/fotografia-de-rey-de-espadas/">
				<div class="elementor-portfolio-item__img elementor-post__thumbnail">
			<img loading="lazy" decoding="async" width="768" height="613" src="https://ateca.cl/wp-content/uploads/2022/11/ATECA_12_01_01-1-768x613.jpg" class="attachment-medium_large size-medium_large wp-image-5101" alt="" srcset="https://ateca.cl/wp-content/uploads/2022/11/ATECA_12_01_01-1-768x613.jpg 768w, https://ateca.cl/wp-content/uploads/2022/11/ATECA_12_01_01-1-300x240.jpg 300w, https://ateca.cl/wp-content/uploads/2022/11/ATECA_12_01_01-1-1024x818.jpg 1024w, https://ateca.cl/wp-content/uploads/2022/11/ATECA_12_01_01-1.jpg 1078w" sizes="auto, (max-width: 768px) 100vw, 768px" />		</div>
				<div class="elementor-portfolio-item__overlay">
				<h3 class="elementor-portfolio-item__title">
		Fotografía de Rey de espadas		</h3>
				</div>
				</a>
		</article>
				<article class="elementor-portfolio-item elementor-post  post-5113 post type-post status-publish format-standard has-post-thumbnail hentry category-sin-compania obra-rey-de-espadas ano-127 procedencia-renzo-briceno">
			<a class="elementor-post__thumbnail__link" href="https://ateca.cl/index.php/2022/11/15/fotografia-de-rey-de-espadas-de-prensa/">
				<div class="elementor-portfolio-item__img elementor-post__thumbnail">
			<img loading="lazy" decoding="async" width="470" height="630" src="https://ateca.cl/wp-content/uploads/2022/11/ATECA_12_01_03.jpg" class="attachment-medium_large size-medium_large wp-image-5114" alt="" srcset="https://ateca.cl/wp-content/uploads/2022/11/ATECA_12_01_03.jpg 470w, https://ateca.cl/wp-content/uploads/2022/11/ATECA_12_01_03-224x300.jpg 224w" sizes="auto, (max-width: 470px) 100vw, 470px" />		</div>
				<div class="elementor-portfolio-item__overlay">
				<h3 class="elementor-portfolio-item__title">
		Fotografía de Rey de espadas de prensa		</h3>
				</div>
				</a>
		</article>
				</div>
				</div>
				</div>
					</div>
		</div>
							</div>
		</section>
							</div>

<p>Director: Rodrigo Guijón Teatristas: Yani Núñez, Paolo Coonte, Marcelo Sánchez, Rodrigo Guijón. Luis Yovert, Renzo Briceño Registros fotográficos</p>
